{"id":1780,"date":"2019-08-23T09:16:34","date_gmt":"2019-08-23T13:16:34","guid":{"rendered":"https:\/\/md.rcm.upr.edu\/actu5401\/?page_id=1780"},"modified":"2021-12-13T09:57:26","modified_gmt":"2021-12-13T13:57:26","slug":"preguntas-frecuentes","status":"publish","type":"page","link":"https:\/\/md.rcm.upr.edu\/actu5401\/preguntas-frecuentes\/","title":{"rendered":"PREGUNTAS FRECUENTES"},"content":{"rendered":"<div class=\"page-title-head hgroup\">\n<h3>\u00bfQui\u00e9nes pueden participar en el Proyecto ACTU?<\/h3>\n<\/div>\n<p>Todas las personas sin distinci\u00f3n de raza, sexo, orientaci\u00f3n sexual, religi\u00f3n, ideolog\u00eda pol\u00edtica o nivel econ\u00f3mico que est\u00e9n infectados con el VIH son candidatos para los estudios disponibles en la Unidad de Investigaciones Cl\u00ednicas.<\/p>\n<div id=\"attachment_1781\" style=\"width: 1160px\" class=\"wp-caption aligncenter\"><a href=\"https:\/\/md.rcm.upr.edu\/actu5401\/wp-content\/uploads\/sites\/28\/2019\/08\/ACTU.jpg\"><img loading=\"lazy\" decoding=\"async\" aria-describedby=\"caption-attachment-1781\" class=\"wp-image-1781 size-full\" src=\"https:\/\/md.rcm.upr.edu\/actu5401\/wp-content\/uploads\/sites\/28\/2019\/08\/ACTU.jpg\" alt=\"Brochure Estudios\" width=\"1150\" height=\"898\" srcset=\"https:\/\/md.rcm.upr.edu\/actu5401\/wp-content\/uploads\/sites\/28\/2019\/08\/ACTU.jpg 1150w, https:\/\/md.rcm.upr.edu\/actu5401\/wp-content\/uploads\/sites\/28\/2019\/08\/ACTU-150x117.jpg 150w, https:\/\/md.rcm.upr.edu\/actu5401\/wp-content\/uploads\/sites\/28\/2019\/08\/ACTU-300x234.jpg 300w, https:\/\/md.rcm.upr.edu\/actu5401\/wp-content\/uploads\/sites\/28\/2019\/08\/ACTU-768x600.jpg 768w, https:\/\/md.rcm.upr.edu\/actu5401\/wp-content\/uploads\/sites\/28\/2019\/08\/ACTU-1024x800.jpg 1024w\" sizes=\"auto, (max-width: 1150px) 100vw, 1150px\" \/><\/a><p id=\"caption-attachment-1781\" class=\"wp-caption-text\">Brochure Estudios<\/p><\/div>\n","protected":false},"excerpt":{"rendered":"<p>\u00bfQui\u00e9nes pueden participar en el Proyecto ACTU? Todas las personas sin distinci\u00f3n de raza, sexo, orientaci\u00f3n sexual, religi\u00f3n, ideolog\u00eda pol\u00edtica o nivel econ\u00f3mico que est\u00e9n infectados con el VIH son candidatos para los estudios disponibles en la Unidad de Investigaciones Cl\u00ednicas.<\/p>\n","protected":false},"author":78,"featured_media":0,"parent":0,"menu_order":0,"comment_status":"closed","ping_status":"closed","template":"","meta":{"footnotes":""},"class_list":["post-1780","page","type-page","status-publish","hentry","description-off"],"aioseo_notices":[],"_links":{"self":[{"href":"https:\/\/md.rcm.upr.edu\/actu5401\/wp-json\/wp\/v2\/pages\/1780","targetHints":{"allow":["GET"]}}],"collection":[{"href":"https:\/\/md.rcm.upr.edu\/actu5401\/wp-json\/wp\/v2\/pages"}],"about":[{"href":"https:\/\/md.rcm.upr.edu\/actu5401\/wp-json\/wp\/v2\/types\/page"}],"author":[{"embeddable":true,"href":"https:\/\/md.rcm.upr.edu\/actu5401\/wp-json\/wp\/v2\/users\/78"}],"replies":[{"embeddable":true,"href":"https:\/\/md.rcm.upr.edu\/actu5401\/wp-json\/wp\/v2\/comments?post=1780"}],"version-history":[{"count":0,"href":"https:\/\/md.rcm.upr.edu\/actu5401\/wp-json\/wp\/v2\/pages\/1780\/revisions"}],"wp:attachment":[{"href":"https:\/\/md.rcm.upr.edu\/actu5401\/wp-json\/wp\/v2\/media?parent=1780"}],"curies":[{"name":"wp","href":"https:\/\/api.w.org\/{rel}","templated":true}]}}