{"id":264,"date":"2020-03-18T19:39:20","date_gmt":"2020-03-18T19:39:20","guid":{"rendered":"https:\/\/md.rcm.upr.edu\/cemi\/?page_id=264"},"modified":"2020-03-19T15:40:28","modified_gmt":"2020-03-19T15:40:28","slug":"infraestructura","status":"publish","type":"page","link":"https:\/\/md.rcm.upr.edu\/cemi\/infraestructura\/","title":{"rendered":"Infraestructura"},"content":{"rendered":"\n<p>CEMI est\u00e1 localizado en el\nEdifico Biom\u00e9dico #1 en el Centro M\u00e9dico de Puerto Rico, a pasos del Recinto de\nCiencias M\u00e9dicas donde se encuentra el laboratorio principal y otras cl\u00ednicas\nimportantes. Todos los m\u00e9todos de planificaci\u00f3n familiar nuestros pacientes\nest\u00e1n accesibles a trav\u00e9s del Programa Titulo X y la Fundaci\u00f3n del CDC y se\nmantienen en una farmacia central. La cl\u00ednica tiene 4,500 pies con un \u00e1rea de\nrecepci\u00f3n, tres oficinas de consejer\u00eda, 5 cuartos de examen ginecol\u00f3gicos, un\ncuarto de procedimientos equipado con una tabla motorizada, colposcopio y\nequipo para criocirug\u00eda, autoclave, ultrasonido, monitores fetales y cuarto de\nflebotom\u00eda y de vacunaci\u00f3n. Todos los cuartos est\u00e1n equipados con un sistema de\nalarma de emergencia. <\/p>\n\n\n\n<p>Hay un \u00e1rea administrativa, dos\nsalones de reuniones, dos salones de archivos, un centro de datos, y oficinas\npara las investigadoras principales, co-investigadoras, enfermeras, m\u00e9dicos,\neducadores de comunidad y consejeras, \u00e1rea de cocina y un almac\u00e9n. <\/p>\n\n\n\n<p>El edificio tiene un\nestacionamiento utilizado por el personal de la cl\u00ednica, pacientes y participantes\nde estudios. La Cl\u00ednica est\u00e1 localizada en un \u00e1rea excelente dentro de Centro\nM\u00e9dico de PR, cerca del Tren Urbano que fue recientemente utilizado y que\nprovee acceso y conexiones con ciudades como San Juan, R\u00edo Piedras y Bayam\u00f3n.\nExisten planes futuros de extender este servicio a Caguas y Carolina. Estas\ncinco ciudades constituyen una gran proporci\u00f3n de lo que es el \u00c1rea\nMetropolitana donde reside la mitad de la poblaci\u00f3n de la isla. <\/p>\n\n\n\n<p>La cl\u00ednica opera durante horas\nlaborables de 7 de la ma\u00f1ana hasta las 4 de la tarde, de lunes a viernes. Se\nacoge a los recesos acad\u00e9micos del Recinto de Ciencias M\u00e9dicas, aunque nunca\ninterrumpe sus operaciones en su totalidad por la necesidad de ver las\npacientes embarazadas. De surgir alguna emergencia o situaci\u00f3n, las pacientes\nse pueden evaluar en la sala de emergencia de Ginecolog\u00eda del Hospital\nUniversitario, ya que ambas la Dra. Zorrilla y la Dra. Rivera son facultad del\nhospital con privilegios completos. <\/p>\n\n\n\n<p>Contamos con un comit\u00e9 asesor de\ncomunidad (Community Advisory Board-CAB) que est\u00e1 involucrado con nuestras\nactividades educativas y de investigaci\u00f3n.<\/p>\n","protected":false},"excerpt":{"rendered":"<p>CEMI est\u00e1 localizado en el Edifico Biom\u00e9dico #1 en el Centro M\u00e9dico de Puerto Rico, a pasos del Recinto de Ciencias M\u00e9dicas donde se encuentra el laboratorio principal y otras cl\u00ednicas importantes. Todos los m\u00e9todos de planificaci\u00f3n familiar nuestros pacientes est\u00e1n accesibles a trav\u00e9s del Programa Titulo X y la Fundaci\u00f3n del CDC y se&hellip;<\/p>\n","protected":false},"author":1,"featured_media":0,"parent":0,"menu_order":0,"comment_status":"closed","ping_status":"closed","template":"","meta":{"footnotes":""},"class_list":["post-264","page","type-page","status-publish","hentry","description-off"],"aioseo_notices":[],"_links":{"self":[{"href":"https:\/\/md.rcm.upr.edu\/cemi\/wp-json\/wp\/v2\/pages\/264","targetHints":{"allow":["GET"]}}],"collection":[{"href":"https:\/\/md.rcm.upr.edu\/cemi\/wp-json\/wp\/v2\/pages"}],"about":[{"href":"https:\/\/md.rcm.upr.edu\/cemi\/wp-json\/wp\/v2\/types\/page"}],"author":[{"embeddable":true,"href":"https:\/\/md.rcm.upr.edu\/cemi\/wp-json\/wp\/v2\/users\/1"}],"replies":[{"embeddable":true,"href":"https:\/\/md.rcm.upr.edu\/cemi\/wp-json\/wp\/v2\/comments?post=264"}],"version-history":[{"count":0,"href":"https:\/\/md.rcm.upr.edu\/cemi\/wp-json\/wp\/v2\/pages\/264\/revisions"}],"wp:attachment":[{"href":"https:\/\/md.rcm.upr.edu\/cemi\/wp-json\/wp\/v2\/media?parent=264"}],"curies":[{"name":"wp","href":"https:\/\/api.w.org\/{rel}","templated":true}]}}