{"id":66,"date":"2019-01-17T23:03:59","date_gmt":"2019-01-17T23:03:59","guid":{"rendered":"https:\/\/md.rcm.upr.edu\/cemi\/?page_id=66"},"modified":"2019-01-17T23:03:59","modified_gmt":"2019-01-17T23:03:59","slug":"proyecto-coleccion-de-fotos","status":"publish","type":"page","link":"https:\/\/md.rcm.upr.edu\/cemi\/proyecto-coleccion-de-fotos\/","title":{"rendered":"Proyecto: Colecci\u00f3n de Fotos"},"content":{"rendered":"<p><strong>Rostros e historias: salud, esperanza y compromiso<\/strong><\/p>\n<p>El Centro de Estudios Materno Infantiles (CEMI) se estableci\u00f3 en el 1989 luego de comenzar el primer programa de cernimiento de VIH en embarazadas a final del 1986. Las mujeres que se identificaron entonces, continuaron recibiendo servicios en una cl\u00ednica longitudinal que ahora es CEMI.<\/p>\n<p>Cuando inauguramos las presentes instalaciones de CEMI el 7 de marzo de 2001, tuvimos la exhibici\u00f3n de fotos del proyecto \u201cWomen First\u201d. Las fotos eran tristes y reflejaban un poco de desesperanza. Mostraban las realidades de pobreza y soledad que muchas mujeres encaraban, tambi\u00e9n el estigma y muchas no revelaron su rostro. Las mujeres viviendo con VIH que vieron las fotos iniciales pidieron que las cambi\u00e1ramos por otras con mensajes de salud y esperanza y en colores. As\u00ed comenz\u00f3 el proceso de tomar las fotos que desde el a\u00f1o 2007 adornan las paredes de la cl\u00ednica y que representan mensajes de salud, esperanza y compromiso.<\/p>\n<p>Las fotos de esta colecci\u00f3n representan 18 mujeres que posaron y autorizaron usar sus rostros y sus historias para concientizar sobre el VIH. Se tomaron en diversos momentos por 3 diferentes artistas. Las fotos resaltan la diversidad de edades, rostros y etapas de vida de las mujeres viviendo con VIH que hemos tenido el placer de conocer y que son parte de la historia de CEMI.<\/p>\n<p>A cada una de las participantes se le regal\u00f3 una foto ampliada y enmarcada similar a la de la colecci\u00f3n. Las fotos han sido expuestas en conferencias internacionales incluyendo la Conferencia Puertorrique\u00f1a de Salud P\u00fablica del a\u00f1o 2014 en donde algunas de las participantes dieron testimonio en un foro.<\/p>\n<p>La colecci\u00f3n cuenta con 33 fotos de 18 mujeres valerosas, comprometidas con la vida y con el futuro, con esperanzas y sue\u00f1os. Muchas ya son abuelas, algunas son l\u00edderes de comunidad y activistas, y otras ya no est\u00e1n con nosotros. Su recuerdo queda en las im\u00e1genes y en el mensaje que dejaron al compartir su experiencia con nosotros.<\/p>\n","protected":false},"excerpt":{"rendered":"<p>Rostros e historias: salud, esperanza y compromiso El Centro de Estudios Materno Infantiles (CEMI) se estableci\u00f3 en el 1989 luego de comenzar el primer programa de cernimiento de VIH en embarazadas a final del 1986. Las mujeres que se identificaron entonces, continuaron recibiendo servicios en una cl\u00ednica longitudinal que ahora es CEMI. Cuando inauguramos las&hellip;<\/p>\n","protected":false},"author":1,"featured_media":0,"parent":0,"menu_order":0,"comment_status":"closed","ping_status":"closed","template":"","meta":{"footnotes":""},"class_list":["post-66","page","type-page","status-publish","hentry","description-off"],"aioseo_notices":[],"_links":{"self":[{"href":"https:\/\/md.rcm.upr.edu\/cemi\/wp-json\/wp\/v2\/pages\/66","targetHints":{"allow":["GET"]}}],"collection":[{"href":"https:\/\/md.rcm.upr.edu\/cemi\/wp-json\/wp\/v2\/pages"}],"about":[{"href":"https:\/\/md.rcm.upr.edu\/cemi\/wp-json\/wp\/v2\/types\/page"}],"author":[{"embeddable":true,"href":"https:\/\/md.rcm.upr.edu\/cemi\/wp-json\/wp\/v2\/users\/1"}],"replies":[{"embeddable":true,"href":"https:\/\/md.rcm.upr.edu\/cemi\/wp-json\/wp\/v2\/comments?post=66"}],"version-history":[{"count":0,"href":"https:\/\/md.rcm.upr.edu\/cemi\/wp-json\/wp\/v2\/pages\/66\/revisions"}],"wp:attachment":[{"href":"https:\/\/md.rcm.upr.edu\/cemi\/wp-json\/wp\/v2\/media?parent=66"}],"curies":[{"name":"wp","href":"https:\/\/api.w.org\/{rel}","templated":true}]}}