{"id":503,"date":"2015-04-06T10:06:36","date_gmt":"2015-04-06T14:06:36","guid":{"rendered":"http:\/\/md.rcm.upr.edu\/emp\/?page_id=503"},"modified":"2017-01-20T08:49:05","modified_gmt":"2017-01-20T12:49:05","slug":"simposios","status":"publish","type":"page","link":"https:\/\/md.rcm.upr.edu\/emp\/simposios\/","title":{"rendered":"Simposios"},"content":{"rendered":"<p><strong>2016<\/strong><\/p>\n<p>D\u00e9cimo Quinto Simposio Cient\u00edfico Puertorrique\u00f1o\u00a0de\u00a0Medicina de Emergencia Nov 14, 2015<\/p>\n<p>[<a href=\"http:\/\/media.md.rcm.upr.edu\/Mediasite\/Play\/fca66f6a14704cbdbf8eccde4a0d9d911d\">click to view full video<\/a>]<\/p>\n<p>&nbsp;<\/p>\n<ul>\n<li>Angioedema: Retos en Evaluacion y Manejo en Sala de Emergencia- Joanna Mercado: [<a href=\"http:\/\/media.md.rcm.upr.edu\/Mediasite\/Play\/3db1b58f403c48d9a732f6c35c094e131d\">click to view video<\/a>]<\/li>\n<li>Emergencia de Ororrinolaringologia-Dr. Jorge Falc\u00f3n: [<a href=\"http:\/\/media.md.rcm.upr.edu\/Mediasite\/Play\/b74535a7cc064edbb8af606c59507e261d\">click to view video<\/a>]<\/li>\n<li>ECG: Cambios que Todos Debemos Reconocer- Wanda Rivera: [<a href=\"http:\/\/media.md.rcm.upr.edu\/Mediasite\/Play\/56970e6bf7cc499ea9fb648201dbaaa31d\">click to view video<\/a>]<\/li>\n<li>Evaluaci\u00f3n y Manejo de Infecciones de Tejidos Blando: [<a href=\"http:\/\/media.md.rcm.upr.edu\/Mediasite\/Play\/5cd31c18d6244577b2891bee029e44731d\">click to view video<\/a>]<\/li>\n<li>Identificaci\u00f3n y Manejo del Paciente Pediatrico &#8211; Fernando Soto: [<a href=\"http:\/\/media.md.rcm.upr.edu\/Mediasite\/Play\/c74141120a7a40e28ac01d77ec7d61371d\">click to view video<\/a>]<\/li>\n<li>Utilidad\u00a0de Ultrasonografia en Sala de Emergencia- Dr. Manuel Colon:[<a href=\"http:\/\/media.md.rcm.upr.edu\/Mediasite\/Play\/c2291dfada3740fab2a804238fa6f5501d\">click to view video<\/a>]<\/li>\n<li>Como Evitar Demandas. Dr. Wilfredo Nieves: [<a href=\"http:\/\/media.md.rcm.upr.edu\/Mediasite\/Play\/1b6f197df646496db66f95819ec19b951d\">click to view video<\/a>]<\/li>\n<li>Paciente Agresivo: Evaluacion y Manejo en Sala de Emergencia- Dr. Alex Reyes: [<a href=\"http:\/\/media.md.rcm.upr.edu\/Mediasite\/Play\/38c84106fe1f47faa7fe555a85d297701d\">click to view video<\/a>]<\/li>\n<li>Pediatric Orthopedic Emergencies- Dr. Cesar Andino: [<a href=\"http:\/\/media.md.rcm.upr.edu\/Mediasite\/Play\/13d1d593099e4b08b3a70d9219dfbe231d\">click to view video<\/a>]<\/li>\n<li>Zika: Lo Que Todo Medico de Emergencia Debe Saber- Dr. Nannette Lugo:[<a href=\"http:\/\/media.md.rcm.upr.edu\/Mediasite\/Play\/b7081e3f8b0e4b33b4f8d8c3e0828ed91d\">click to view video<\/a>]<\/li>\n<\/ul>\n<p>&nbsp;<\/p>\n<p><strong>2015<\/strong><\/p>\n<p>D\u00e9cimo Cuarto Simposio Cient\u00edfico Puertorrique\u00f1o\u00a0de\u00a0Medicina de Emergencia Nov 14, 2015<\/p>\n<p>[<a href=\"http:\/\/media.md.rcm.upr.edu\/Mediasite\/Play\/466f02ab88ed45758dac6e1a7fce0a581d\">click to view video<\/a>]<\/p>\n<p><strong>2014<\/strong><\/p>\n<p>D\u00e9cimo Tercer Simposio Puertorrique\u00f1o Medicina de Emergencia Nov 22, 2014<br \/>\n[<a href=\"http:\/\/media.md.rcm.upr.edu\/Mediasite\/Play\/0325ee4736c34fa78cd4e067e491fc051d\">click to view video<\/a>]<\/p>\n<p><strong>2013<\/strong><\/p>\n<p>Duod\u00e9cimo Simposio Puertorrique\u00f1o Medicina de Emergencia Diciembre 7, 2013<br \/>\n[<a href=\"http:\/\/media.md.rcm.upr.edu\/Mediasite\/Play\/cdebbe1a9cb34b4194f496321dca91351d\">click to view video<\/a>]<\/p>\n","protected":false},"excerpt":{"rendered":"<p>2016 D\u00e9cimo Quinto Simposio Cient\u00edfico Puertorrique\u00f1o\u00a0de\u00a0Medicina de Emergencia Nov 14, 2015 [click to view full video] &nbsp; Angioedema: Retos en Evaluacion y Manejo en Sala de Emergencia- Joanna Mercado: [click to view video] Emergencia de Ororrinolaringologia-Dr. Jorge Falc\u00f3n: [click to view video] ECG: Cambios que Todos Debemos Reconocer- Wanda Rivera: [click to view video] Evaluaci\u00f3n&hellip;<\/p>\n","protected":false},"author":20,"featured_media":0,"parent":0,"menu_order":0,"comment_status":"closed","ping_status":"closed","template":"","meta":{"footnotes":""},"class_list":["post-503","page","type-page","status-publish","hentry","description-off"],"aioseo_notices":[],"_links":{"self":[{"href":"https:\/\/md.rcm.upr.edu\/emp\/wp-json\/wp\/v2\/pages\/503","targetHints":{"allow":["GET"]}}],"collection":[{"href":"https:\/\/md.rcm.upr.edu\/emp\/wp-json\/wp\/v2\/pages"}],"about":[{"href":"https:\/\/md.rcm.upr.edu\/emp\/wp-json\/wp\/v2\/types\/page"}],"author":[{"embeddable":true,"href":"https:\/\/md.rcm.upr.edu\/emp\/wp-json\/wp\/v2\/users\/20"}],"replies":[{"embeddable":true,"href":"https:\/\/md.rcm.upr.edu\/emp\/wp-json\/wp\/v2\/comments?post=503"}],"version-history":[{"count":0,"href":"https:\/\/md.rcm.upr.edu\/emp\/wp-json\/wp\/v2\/pages\/503\/revisions"}],"wp:attachment":[{"href":"https:\/\/md.rcm.upr.edu\/emp\/wp-json\/wp\/v2\/media?parent=503"}],"curies":[{"name":"wp","href":"https:\/\/api.w.org\/{rel}","templated":true}]}}