{"id":291,"date":"2019-06-24T18:23:32","date_gmt":"2019-06-24T18:23:32","guid":{"rendered":"https:\/\/md.rcm.upr.edu\/gamma\/?page_id=291"},"modified":"2020-04-07T15:27:38","modified_gmt":"2020-04-07T15:27:38","slug":"noticias","status":"publish","type":"page","link":"https:\/\/md.rcm.upr.edu\/gamma\/noticias\/","title":{"rendered":"Noticias"},"content":{"rendered":"<div class=\"wpb-content-wrapper\"><p>[vc_row][vc_column][vc_single_image image=&#8221;89&#8243; img_size=&#8221;large&#8221; alignment=&#8221;center&#8221;][\/vc_column][\/vc_row][vc_row][vc_column][vc_single_image image=&#8221;368&#8243; img_size=&#8221;large&#8221; alignment=&#8221;center&#8221; onclick=&#8221;img_link_large&#8221;][\/vc_column][\/vc_row][vc_row][vc_column][vc_column_text]<\/p>\n<div id=\"content\" class=\"content\" role=\"main\">\n<div class=\"vc_row wpb_row vc_row-fluid dt-default\">\n<div class=\"wpb_column vc_column_container vc_col-sm-12\">\n<div class=\"vc_column-inner\">\n<div class=\"wpb_wrapper\">\n<p class=\"vc_custom_heading\"><strong><a href=\"https:\/\/www.elnuevodia.com\/noticias\/locales\/nota\/detenciondelvihdesdelacasa-2097545\/\">\u00c9nfasis en los j\u00f3venes para prevenir el VIH<\/a><\/strong><\/p>\n<p class=\"vc_custom_heading\"><strong><a href=\"https:\/\/www.elnuevodia.com\/noticias\/locales\/nota\/detenciondelvihdesdelacasa-2097545\/\" target=\" _blank\" rel=\"noopener noreferrer\">Detecci\u00f3n del VIH desde la casa<\/a><\/strong><\/p>\n<p class=\"vc_custom_heading\"><strong><a href=\"http:\/\/coaipr.org\/estudio-investigan-uso-de-pruebas-caseras-de-vih-entre-gays-y-transgenero\/\">Investigan uso de pruebas caseras de VIH entre gays y transg\u00e9nero<\/a><\/strong><\/p>\n<p class=\"vc_custom_heading\"><strong><a href=\"https:\/\/www.upr.edu\/investigan-uso-de-pruebas-caseras-de-vih-entre-gays-y-transgenero\/\">Investigan uso de pruebas caseras de VIH entre gays y transg\u00e9nero- UPR<\/a><\/strong><\/p>\n<p class=\"vc_custom_heading\"><strong><a href=\"https:\/\/cb.pr\/estudio-de-la-upr-promueve-prevencion-del-vih-en-comunidades-lgbtt\/\">Estudio de la UPR promueve prevenci\u00f3n del VIH en comunidades LGBTT<\/a><\/strong><\/p>\n<p class=\"vc_custom_heading\"><strong><a href=\"https:\/\/laislaoeste.com\/2016\/10\/10\/distribuyen-mil-pruebas-caseras-vih\/\">Distribuyen Mil Pruebas Caseras VIH<\/a><\/strong><\/p>\n<\/div>\n<\/div>\n<\/div>\n<\/div>\n<\/div>\n<p>[\/vc_column_text][\/vc_column][\/vc_row]<\/p>\n<\/div>","protected":false},"excerpt":{"rendered":"<p>[vc_row][vc_column][vc_single_image image=&#8221;89&#8243; img_size=&#8221;large&#8221; alignment=&#8221;center&#8221;][\/vc_column][\/vc_row][vc_row][vc_column][vc_single_image image=&#8221;368&#8243; img_size=&#8221;large&#8221; alignment=&#8221;center&#8221; onclick=&#8221;img_link_large&#8221;][\/vc_column][\/vc_row][vc_row][vc_column][vc_column_text] \u00c9nfasis en los j\u00f3venes para prevenir el VIH Detecci\u00f3n del VIH desde la casa Investigan uso de pruebas caseras de VIH entre gays y transg\u00e9nero Investigan uso de pruebas caseras de VIH entre gays y transg\u00e9nero- UPR Estudio de la UPR promueve prevenci\u00f3n del VIH en comunidades&hellip;<\/p>\n","protected":false},"author":67,"featured_media":0,"parent":0,"menu_order":0,"comment_status":"closed","ping_status":"closed","template":"","meta":{"footnotes":""},"class_list":["post-291","page","type-page","status-publish","hentry","description-off"],"_links":{"self":[{"href":"https:\/\/md.rcm.upr.edu\/gamma\/wp-json\/wp\/v2\/pages\/291","targetHints":{"allow":["GET"]}}],"collection":[{"href":"https:\/\/md.rcm.upr.edu\/gamma\/wp-json\/wp\/v2\/pages"}],"about":[{"href":"https:\/\/md.rcm.upr.edu\/gamma\/wp-json\/wp\/v2\/types\/page"}],"author":[{"embeddable":true,"href":"https:\/\/md.rcm.upr.edu\/gamma\/wp-json\/wp\/v2\/users\/67"}],"replies":[{"embeddable":true,"href":"https:\/\/md.rcm.upr.edu\/gamma\/wp-json\/wp\/v2\/comments?post=291"}],"version-history":[{"count":0,"href":"https:\/\/md.rcm.upr.edu\/gamma\/wp-json\/wp\/v2\/pages\/291\/revisions"}],"wp:attachment":[{"href":"https:\/\/md.rcm.upr.edu\/gamma\/wp-json\/wp\/v2\/media?parent=291"}],"curies":[{"name":"wp","href":"https:\/\/api.w.org\/{rel}","templated":true}]}}

<div class="wpb-content-wrapper"><p>[vc_row][vc_column][vc_single_image image=&#8221;89&#8243; img_size=&#8221;large&#8221; alignment=&#8221;center&#8221;][/vc_column][/vc_row][vc_row][vc_column][vc_single_image image=&#8221;368&#8243; img_size=&#8221;large&#8221; alignment=&#8221;center&#8221; onclick=&#8221;img_link_large&#8221;][/vc_column][/vc_row][vc_row][vc_column][vc_column_text]</p>
<div id="content" class="content" role="main">
<div class="vc_row wpb_row vc_row-fluid dt-default">
<div class="wpb_column vc_column_container vc_col-sm-12">
<div class="vc_column-inner">
<div class="wpb_wrapper">
<p class="vc_custom_heading"><strong><a href="https://www.elnuevodia.com/noticias/locales/nota/detenciondelvihdesdelacasa-2097545/">Énfasis en los jóvenes para prevenir el VIH</a></strong></p>
<p class="vc_custom_heading"><strong><a href="https://www.elnuevodia.com/noticias/locales/nota/detenciondelvihdesdelacasa-2097545/" target=" _blank" rel="noopener noreferrer">Detección del VIH desde la casa</a></strong></p>
<p class="vc_custom_heading"><strong><a href="http://coaipr.org/estudio-investigan-uso-de-pruebas-caseras-de-vih-entre-gays-y-transgenero/">Investigan uso de pruebas caseras de VIH entre gays y transgénero</a></strong></p>
<p class="vc_custom_heading"><strong><a href="https://www.upr.edu/investigan-uso-de-pruebas-caseras-de-vih-entre-gays-y-transgenero/">Investigan uso de pruebas caseras de VIH entre gays y transgénero- UPR</a></strong></p>
<p class="vc_custom_heading"><strong><a href="https://cb.pr/estudio-de-la-upr-promueve-prevencion-del-vih-en-comunidades-lgbtt/">Estudio de la UPR promueve prevención del VIH en comunidades LGBTT</a></strong></p>
<p class="vc_custom_heading"><strong><a href="https://laislaoeste.com/2016/10/10/distribuyen-mil-pruebas-caseras-vih/">Distribuyen Mil Pruebas Caseras VIH</a></strong></p>
</div>
</div>
</div>
</div>
</div>
<p>[/vc_column_text][/vc_column][/vc_row]</p>
</div>

<p>[vc_row][vc_column][vc_single_image image=&#8221;89&#8243; img_size=&#8221;large&#8221; alignment=&#8221;center&#8221;][/vc_column][/vc_row][vc_row][vc_column][vc_single_image image=&#8221;368&#8243; img_size=&#8221;large&#8221; alignment=&#8221;center&#8221; onclick=&#8221;img_link_large&#8221;][/vc_column][/vc_row][vc_row][vc_column][vc_column_text] Énfasis en los jóvenes para prevenir el VIH Detección del VIH desde la casa Investigan uso de pruebas caseras de VIH entre gays y transgénero Investigan uso de pruebas caseras de VIH entre gays y transgénero- UPR Estudio de la UPR promueve prevención del VIH en comunidades&hellip;</p>
