{"id":373,"date":"2019-09-09T16:47:00","date_gmt":"2019-09-09T16:47:00","guid":{"rendered":"https:\/\/md.rcm.upr.edu\/gamma\/?page_id=373"},"modified":"2023-11-07T16:02:10","modified_gmt":"2023-11-07T16:02:10","slug":"informacion-ante-un-desastres","status":"publish","type":"page","link":"https:\/\/md.rcm.upr.edu\/gamma\/informacion-ante-un-desastres\/","title":{"rendered":"Informaci\u00f3n ante un Desastre"},"content":{"rendered":"<div class=\"wpb-content-wrapper\"><p>[vc_row][vc_column width=&#8221;2\/3&#8243;][vc_column_text]<strong>Salud P\u00fablica en Emergencias y Desastres<\/strong><\/p>\n<p class=\"photoswipe-wrapper\">Las emergencias tienen impacto en la salud del ser humano, y es necesario que t\u00fa y tu familia est\u00e9n preparados y planifiquen qu\u00e9 hacer antes, durante y despu\u00e9s de un evento. Esta p\u00e1gina\u00a0ha sido dise\u00f1ada con el fin de apoyar los procesos de preparaci\u00f3n de las familias ante cualquier\u00a0tipo de emergencia, desde la perspectiva de la salud p\u00fablica. En ella encontrar\u00e1s informaci\u00f3n relacionada al\u00a0kit b\u00e1sico de suministros, recomendaciones para la poblaci\u00f3n con condiciones de salud o necesidades especiales, el plan de comunicaci\u00f3n familiar, as\u00ed como las medidas de precauci\u00f3n universales y medidas espec\u00edficas por tipo de emergencia.\u00a0Es importante, que al preparar tu plan de emergencia tomes en consideraci\u00f3n las condiciones y situaciones particulares de salud de cada miembro de tu familia.<\/p>\n<p>Contin\u00faa Leyendo el articulo:\u00a0\u00a0<a href=\"http:\/\/www.salud.gov.pr\/Sobre-tu-Salud\/Pages\/Preparate-para-Emergencias.aspx\">http:\/\/www.salud.gov.pr\/Sobre-tu-Salud\/Pages\/Preparate-para-Emergencias.aspx<\/a>[\/vc_column_text][\/vc_column][vc_column width=&#8221;1\/3&#8243;][vc_single_image image=&#8221;425&#8243; img_size=&#8221;full&#8221; alignment=&#8221;center&#8221;][\/vc_column][\/vc_row][vc_row][vc_column width=&#8221;1\/2&#8243;][vc_column_text]<a href=\"http:\/\/www.rcpr.org\/Portals\/0\/Boletines\/Paciente-Desastres_final.pdf\"><img loading=\"lazy\" decoding=\"async\" class=\"alignnone\" src=\"https:\/\/md.rcm.upr.edu\/actu5401\/wp-content\/uploads\/sites\/28\/2019\/09\/Boletin-Paciente-Desastres_final_Page_01.jpg\" alt=\"Guia de Preparacion Ante Desastres\" width=\"445\" height=\"502\" \/><\/a><\/p>\n<p>[\/vc_column_text][\/vc_column][vc_column width=&#8221;1\/2&#8243;][vc_column_text]<a href=\"http:\/\/www.rcpr.org\/Portals\/0\/Infograficos\/Infografia_Desastres_Final.pdf\"><img loading=\"lazy\" decoding=\"async\" class=\"alignnone\" src=\"https:\/\/md.rcm.upr.edu\/actu5401\/wp-content\/uploads\/sites\/28\/2019\/09\/Infografia_Desastres_Final-780x1024.jpg\" alt=\"Infografia_Desastres\" width=\"367\" height=\"480\" \/><\/a>[\/vc_column_text][\/vc_column][\/vc_row][vc_row][vc_column][vc_empty_space][vc_text_separator title=&#8221;Noticias Relacionadas al paso del Hurac\u00e1n Irma y Mar\u00eda&#8221;][vc_column_text]<a href=\"https:\/\/www.mailman.columbia.edu\/public-health-now\/news\/hurricane-maria-had-significant-impact-hiv-care-outcomes\"><img loading=\"lazy\" decoding=\"async\" class=\"alignnone wp-image-1853\" src=\"https:\/\/md.rcm.upr.edu\/actu5401\/wp-content\/uploads\/sites\/28\/2019\/09\/Columbia-University--1024x610.jpg\" alt=\"Anuncio Columbia\" width=\"506\" height=\"302\" \/><\/a><\/p>\n<p>__________________________________________________________________<\/p>\n<p>&nbsp;<\/p>\n<p><a href=\"https:\/\/www.wipr.pr\/estudio-arroja-como-el-huracan-maria-afecto-servicios-a-pacientes-vih\/\"><img loading=\"lazy\" decoding=\"async\" class=\"alignnone wp-image-1854\" src=\"https:\/\/md.rcm.upr.edu\/actu5401\/wp-content\/uploads\/sites\/28\/2019\/09\/Estudio-arroja-c\u00f3mo-el-hurac\u00e1n-Mar\u00eda-afect\u00f3-servicios-a-pacientes-VIH.png\" alt=\"Estudios arroja como el huracan Maria Afecto Servicios \" width=\"509\" height=\"398\" \/><\/a><\/p>\n<p>__________________________________________________________________<\/p>\n<p><a href=\"https:\/\/www.poz.com\/article\/hurricane-maria-tied-poorer-health-outcomes-hivpositive-puerto-ricans\"><img loading=\"lazy\" decoding=\"async\" class=\"alignnone wp-image-1855\" src=\"https:\/\/md.rcm.upr.edu\/actu5401\/wp-content\/uploads\/sites\/28\/2019\/09\/Hurricane-Maria-Tied-to-Poorer-Health-Outcomes-of-HIV-Positive-Puerto-Ricans.png\" alt=\"Hurricane Maria Tied to Poorer Health Outcomes of HIV-Positive Puerto Ricans\" width=\"488\" height=\"471\" \/><\/a><\/p>\n<p>__________________________________________________________________[\/vc_column_text][\/vc_column][\/vc_row]<\/p>\n<\/div>","protected":false},"excerpt":{"rendered":"<p>[vc_row][vc_column width=&#8221;2\/3&#8243;][vc_column_text]Salud P\u00fablica en Emergencias y Desastres Las emergencias tienen impacto en la salud del ser humano, y es necesario que t\u00fa y tu familia est\u00e9n preparados y planifiquen qu\u00e9 hacer antes, durante y despu\u00e9s de un evento. Esta p\u00e1gina\u00a0ha sido dise\u00f1ada con el fin de apoyar los procesos de preparaci\u00f3n de las familias ante&hellip;<\/p>\n","protected":false},"author":1,"featured_media":0,"parent":0,"menu_order":0,"comment_status":"closed","ping_status":"closed","template":"","meta":{"footnotes":""},"class_list":["post-373","page","type-page","status-publish","hentry","description-off"],"_links":{"self":[{"href":"https:\/\/md.rcm.upr.edu\/gamma\/wp-json\/wp\/v2\/pages\/373","targetHints":{"allow":["GET"]}}],"collection":[{"href":"https:\/\/md.rcm.upr.edu\/gamma\/wp-json\/wp\/v2\/pages"}],"about":[{"href":"https:\/\/md.rcm.upr.edu\/gamma\/wp-json\/wp\/v2\/types\/page"}],"author":[{"embeddable":true,"href":"https:\/\/md.rcm.upr.edu\/gamma\/wp-json\/wp\/v2\/users\/1"}],"replies":[{"embeddable":true,"href":"https:\/\/md.rcm.upr.edu\/gamma\/wp-json\/wp\/v2\/comments?post=373"}],"version-history":[{"count":0,"href":"https:\/\/md.rcm.upr.edu\/gamma\/wp-json\/wp\/v2\/pages\/373\/revisions"}],"wp:attachment":[{"href":"https:\/\/md.rcm.upr.edu\/gamma\/wp-json\/wp\/v2\/media?parent=373"}],"curies":[{"name":"wp","href":"https:\/\/api.w.org\/{rel}","templated":true}]}}

Información ante un Desastre

<div class="wpb-content-wrapper"><p>[vc_row][vc_column width=&#8221;2/3&#8243;][vc_column_text]<strong>Salud Pública en Emergencias y Desastres</strong></p>
<p class="photoswipe-wrapper">Las emergencias tienen impacto en la salud del ser humano, y es necesario que tú y tu familia estén preparados y planifiquen qué hacer antes, durante y después de un evento. Esta página ha sido diseñada con el fin de apoyar los procesos de preparación de las familias ante cualquier tipo de emergencia, desde la perspectiva de la salud pública. En ella encontrarás información relacionada al kit básico de suministros, recomendaciones para la población con condiciones de salud o necesidades especiales, el plan de comunicación familiar, así como las medidas de precaución universales y medidas específicas por tipo de emergencia. Es importante, que al preparar tu plan de emergencia tomes en consideración las condiciones y situaciones particulares de salud de cada miembro de tu familia.</p>
<p>Continúa Leyendo el articulo:  <a href="http://www.salud.gov.pr/Sobre-tu-Salud/Pages/Preparate-para-Emergencias.aspx">http://www.salud.gov.pr/Sobre-tu-Salud/Pages/Preparate-para-Emergencias.aspx</a>[/vc_column_text][/vc_column][vc_column width=&#8221;1/3&#8243;][vc_single_image image=&#8221;425&#8243; img_size=&#8221;full&#8221; alignment=&#8221;center&#8221;][/vc_column][/vc_row][vc_row][vc_column width=&#8221;1/2&#8243;][vc_column_text]<a href="http://www.rcpr.org/Portals/0/Boletines/Paciente-Desastres_final.pdf"><img loading="lazy" decoding="async" class="alignnone" src="https://md.rcm.upr.edu/actu5401/wp-content/uploads/sites/28/2019/09/Boletin-Paciente-Desastres_final_Page_01.jpg" alt="Guia de Preparacion Ante Desastres" width="445" height="502" /></a></p>
<p>[/vc_column_text][/vc_column][vc_column width=&#8221;1/2&#8243;][vc_column_text]<a href="http://www.rcpr.org/Portals/0/Infograficos/Infografia_Desastres_Final.pdf"><img loading="lazy" decoding="async" class="alignnone" src="https://md.rcm.upr.edu/actu5401/wp-content/uploads/sites/28/2019/09/Infografia_Desastres_Final-780x1024.jpg" alt="Infografia_Desastres" width="367" height="480" /></a>[/vc_column_text][/vc_column][/vc_row][vc_row][vc_column][vc_empty_space][vc_text_separator title=&#8221;Noticias Relacionadas al paso del Huracán Irma y María&#8221;][vc_column_text]<a href="https://www.mailman.columbia.edu/public-health-now/news/hurricane-maria-had-significant-impact-hiv-care-outcomes"><img loading="lazy" decoding="async" class="alignnone wp-image-1853" src="https://md.rcm.upr.edu/actu5401/wp-content/uploads/sites/28/2019/09/Columbia-University--1024x610.jpg" alt="Anuncio Columbia" width="506" height="302" /></a></p>
<p>__________________________________________________________________</p>
<p>&nbsp;</p>
<p><a href="https://www.wipr.pr/estudio-arroja-como-el-huracan-maria-afecto-servicios-a-pacientes-vih/"><img loading="lazy" decoding="async" class="alignnone wp-image-1854" src="https://md.rcm.upr.edu/actu5401/wp-content/uploads/sites/28/2019/09/Estudio-arroja-cómo-el-huracán-María-afectó-servicios-a-pacientes-VIH.png" alt="Estudios arroja como el huracan Maria Afecto Servicios " width="509" height="398" /></a></p>
<p>__________________________________________________________________</p>
<p><a href="https://www.poz.com/article/hurricane-maria-tied-poorer-health-outcomes-hivpositive-puerto-ricans"><img loading="lazy" decoding="async" class="alignnone wp-image-1855" src="https://md.rcm.upr.edu/actu5401/wp-content/uploads/sites/28/2019/09/Hurricane-Maria-Tied-to-Poorer-Health-Outcomes-of-HIV-Positive-Puerto-Ricans.png" alt="Hurricane Maria Tied to Poorer Health Outcomes of HIV-Positive Puerto Ricans" width="488" height="471" /></a></p>
<p>__________________________________________________________________[/vc_column_text][/vc_column][/vc_row]</p>
</div>

<p>[vc_row][vc_column width=&#8221;2/3&#8243;][vc_column_text]Salud Pública en Emergencias y Desastres Las emergencias tienen impacto en la salud del ser humano, y es necesario que tú y tu familia estén preparados y planifiquen qué hacer antes, durante y después de un evento. Esta página ha sido diseñada con el fin de apoyar los procesos de preparación de las familias ante&hellip;</p>
