{"id":84,"date":"2019-06-13T18:06:53","date_gmt":"2019-06-13T18:06:53","guid":{"rendered":"https:\/\/md.rcm.upr.edu\/gamma\/?page_id=84"},"modified":"2020-04-07T15:08:32","modified_gmt":"2020-04-07T15:08:32","slug":"historia-proyecto-gamma","status":"publish","type":"page","link":"https:\/\/md.rcm.upr.edu\/gamma\/historia-proyecto-gamma\/","title":{"rendered":"Historia"},"content":{"rendered":"<div class=\"wpb-content-wrapper\"><p>[vc_row][vc_column video_bg=&#8221;yes&#8221; video_bg_url=&#8221;https:\/\/www.youtube.com\/watch?v=Q40senBIrFI&#8221;][vc_column_text][\/vc_column_text][vc_single_image image=&#8221;89&#8243; img_size=&#8221;medium&#8221; alignment=&#8221;center&#8221;][vc_empty_space][\/vc_column][\/vc_row][vc_row][vc_column][vc_empty_space][vc_custom_heading text=&#8221;Historia&#8221; font_container=&#8221;tag:h3|text_align:left&#8221; use_theme_fonts=&#8221;yes&#8221;][vc_column_text css=&#8221;.vc_custom_1586272011952{background-color: #ffffff !important;}&#8221;]Proyecto Gamma d\u00edo inicio en el 1988 como un estudio de investigaci\u00f3n en ni\u00f1os con infecci\u00f3n sintom\u00e1tica por el Virus de Inmunodeficiencia Humana (VIH). \u00a0\u00a0Ante el aumento de ni\u00f1os y ni\u00f1as diagnosticados con VIH, atendidos en el Hospital Pedi\u00e1trico Universitario en esa \u00e9poca, fue necesario integrar el componente de servicio, comenzando entonces una cl\u00ednica de servicios multidisciplinarios e integrados para esta poblaci\u00f3n. \u00a0A partir de marzo 1992, Proyecto Gamma pas\u00f3 a ser un PACTU, sigla en ingl\u00e9s para \u201cPediatric Aids Clinical Trial Unit\u201d, o Unidad Pedi\u00e1trica de Estudios Cl\u00ednicos sobre SIDA, recibiendo fondos de los Institutos Nacionales de Salud (NIH).<\/p>\n<p>El prop\u00f3sito del Proyecto Gamma es ofrecer estudios de investigaci\u00f3n cient\u00edfica sobre el tratamiento y prevenci\u00f3n de la infecci\u00f3n por el VIH a infantes, ni\u00f1os, ni\u00f1as y adolescentes, as\u00ed como servicios cl\u00ednicos. Proyecto Gamma est\u00e1 adscrito a la Universidad de Puerto Rico, Recinto de Ciencias M\u00e9dicas. Es auspiciado por los Institutos Nacionales de la Salud (NIH) y el Instituto Nacional de Alergias y Enfermedades Infecciosas. Divisi\u00f3n de SIDA (NIAID-DAIDS).<\/p>\n<p>Desde diciembre de 2006 la red de estudios llamada PACTU (Pediatric Aids Clinical Trials Unit) fue re-estructurada, actualmente esta red de estudios es identificada como IMPAACT (International Maternal, Pediatric, Adolescent Aids Clinical Trials).\u00a0 Esta red de estudios cl\u00ednicos incluye cl\u00ednicas de investigaci\u00f3n en Africa, Asia, Sur America y E.U.A.<\/p>\n<p>En el Proyecto Gamma se integra tambi\u00e9n al programa de VIH \/ SIDA Ryan White brindando as\u00ed los servicios de la parte D de la cubierta. Proporcionando atenci\u00f3n m\u00e9dica ambulatoria, primaria centrada en la familia y atenci\u00f3n m\u00e9dica especializada para mujeres, beb\u00e9s, ni\u00f1os y j\u00f3venes que viven con VIH.[\/vc_column_text][\/vc_column][\/vc_row]<\/p>\n<\/div>","protected":false},"excerpt":{"rendered":"<p>[vc_row][vc_column video_bg=&#8221;yes&#8221; video_bg_url=&#8221;https:\/\/www.youtube.com\/watch?v=Q40senBIrFI&#8221;][vc_column_text][\/vc_column_text][vc_single_image image=&#8221;89&#8243; img_size=&#8221;medium&#8221; alignment=&#8221;center&#8221;][vc_empty_space][\/vc_column][\/vc_row][vc_row][vc_column][vc_empty_space][vc_custom_heading text=&#8221;Historia&#8221; font_container=&#8221;tag:h3|text_align:left&#8221; use_theme_fonts=&#8221;yes&#8221;][vc_column_text css=&#8221;.vc_custom_1586272011952{background-color: #ffffff !important;}&#8221;]Proyecto Gamma d\u00edo inicio en el 1988 como un estudio de investigaci\u00f3n en ni\u00f1os con infecci\u00f3n sintom\u00e1tica por el Virus de Inmunodeficiencia Humana (VIH). \u00a0\u00a0Ante el aumento de ni\u00f1os y ni\u00f1as diagnosticados con VIH, atendidos en el Hospital Pedi\u00e1trico Universitario en esa \u00e9poca, fue&hellip;<\/p>\n","protected":false},"author":67,"featured_media":0,"parent":0,"menu_order":0,"comment_status":"closed","ping_status":"closed","template":"","meta":{"footnotes":""},"class_list":["post-84","page","type-page","status-publish","hentry","description-off"],"_links":{"self":[{"href":"https:\/\/md.rcm.upr.edu\/gamma\/wp-json\/wp\/v2\/pages\/84","targetHints":{"allow":["GET"]}}],"collection":[{"href":"https:\/\/md.rcm.upr.edu\/gamma\/wp-json\/wp\/v2\/pages"}],"about":[{"href":"https:\/\/md.rcm.upr.edu\/gamma\/wp-json\/wp\/v2\/types\/page"}],"author":[{"embeddable":true,"href":"https:\/\/md.rcm.upr.edu\/gamma\/wp-json\/wp\/v2\/users\/67"}],"replies":[{"embeddable":true,"href":"https:\/\/md.rcm.upr.edu\/gamma\/wp-json\/wp\/v2\/comments?post=84"}],"version-history":[{"count":0,"href":"https:\/\/md.rcm.upr.edu\/gamma\/wp-json\/wp\/v2\/pages\/84\/revisions"}],"wp:attachment":[{"href":"https:\/\/md.rcm.upr.edu\/gamma\/wp-json\/wp\/v2\/media?parent=84"}],"curies":[{"name":"wp","href":"https:\/\/api.w.org\/{rel}","templated":true}]}}

<div class="wpb-content-wrapper"><p>[vc_row][vc_column video_bg=&#8221;yes&#8221; video_bg_url=&#8221;https://www.youtube.com/watch?v=Q40senBIrFI&#8221;][vc_column_text][/vc_column_text][vc_single_image image=&#8221;89&#8243; img_size=&#8221;medium&#8221; alignment=&#8221;center&#8221;][vc_empty_space][/vc_column][/vc_row][vc_row][vc_column][vc_empty_space][vc_custom_heading text=&#8221;Historia&#8221; font_container=&#8221;tag:h3|text_align:left&#8221; use_theme_fonts=&#8221;yes&#8221;][vc_column_text css=&#8221;.vc_custom_1586272011952{background-color: #ffffff !important;}&#8221;]Proyecto Gamma dío inicio en el 1988 como un estudio de investigación en niños con infección sintomática por el Virus de Inmunodeficiencia Humana (VIH).   Ante el aumento de niños y niñas diagnosticados con VIH, atendidos en el Hospital Pediátrico Universitario en esa época, fue necesario integrar el componente de servicio, comenzando entonces una clínica de servicios multidisciplinarios e integrados para esta población.  A partir de marzo 1992, Proyecto Gamma pasó a ser un PACTU, sigla en inglés para “Pediatric Aids Clinical Trial Unit”, o Unidad Pediátrica de Estudios Clínicos sobre SIDA, recibiendo fondos de los Institutos Nacionales de Salud (NIH).</p>
<p>El propósito del Proyecto Gamma es ofrecer estudios de investigación científica sobre el tratamiento y prevención de la infección por el VIH a infantes, niños, niñas y adolescentes, así como servicios clínicos. Proyecto Gamma está adscrito a la Universidad de Puerto Rico, Recinto de Ciencias Médicas. Es auspiciado por los Institutos Nacionales de la Salud (NIH) y el Instituto Nacional de Alergias y Enfermedades Infecciosas. División de SIDA (NIAID-DAIDS).</p>
<p>Desde diciembre de 2006 la red de estudios llamada PACTU (Pediatric Aids Clinical Trials Unit) fue re-estructurada, actualmente esta red de estudios es identificada como IMPAACT (International Maternal, Pediatric, Adolescent Aids Clinical Trials).  Esta red de estudios clínicos incluye clínicas de investigación en Africa, Asia, Sur America y E.U.A.</p>
<p>En el Proyecto Gamma se integra también al programa de VIH / SIDA Ryan White brindando así los servicios de la parte D de la cubierta. Proporcionando atención médica ambulatoria, primaria centrada en la familia y atención médica especializada para mujeres, bebés, niños y jóvenes que viven con VIH.[/vc_column_text][/vc_column][/vc_row]</p>
</div>

<p>[vc_row][vc_column video_bg=&#8221;yes&#8221; video_bg_url=&#8221;https://www.youtube.com/watch?v=Q40senBIrFI&#8221;][vc_column_text][/vc_column_text][vc_single_image image=&#8221;89&#8243; img_size=&#8221;medium&#8221; alignment=&#8221;center&#8221;][vc_empty_space][/vc_column][/vc_row][vc_row][vc_column][vc_empty_space][vc_custom_heading text=&#8221;Historia&#8221; font_container=&#8221;tag:h3|text_align:left&#8221; use_theme_fonts=&#8221;yes&#8221;][vc_column_text css=&#8221;.vc_custom_1586272011952{background-color: #ffffff !important;}&#8221;]Proyecto Gamma dío inicio en el 1988 como un estudio de investigación en niños con infección sintomática por el Virus de Inmunodeficiencia Humana (VIH).   Ante el aumento de niños y niñas diagnosticados con VIH, atendidos en el Hospital Pediátrico Universitario en esa época, fue&hellip;</p>
