{"id":571,"date":"2015-06-15T09:41:36","date_gmt":"2015-06-15T13:41:36","guid":{"rendered":"http:\/\/md.rcm.upr.edu\/medicine\/?page_id=571"},"modified":"2025-05-05T08:53:09","modified_gmt":"2025-05-05T12:53:09","slug":"current-residents","status":"publish","type":"page","link":"https:\/\/md.rcm.upr.edu\/medicine\/current-residents\/","title":{"rendered":"Current Residents"},"content":{"rendered":"<div class=\"wpb-content-wrapper\"><p>[vc_row][vc_column]<div id=\"ultimate-heading-54969d0428d100ff\" class=\"uvc-heading ult-adjust-bottom-margin ultimate-heading-54969d0428d100ff uvc-9814  uvc-heading-default-font-sizes\" data-hspacer=\"no_spacer\"  data-halign=\"center\" style=\"text-align:center\"><div class=\"uvc-heading-spacer no_spacer\" style=\"top\"><\/div><div class=\"uvc-main-heading ult-responsive\"  data-ultimate-target='.uvc-heading.ultimate-heading-54969d0428d100ff h2'  data-responsive-json-new='{\"font-size\":\"\",\"line-height\":\"\"}' ><h2 style=\"--font-weight:theme;\">RESIDENTS 2025-2026<\/h2><\/div><\/div>[vc_empty_space][vc_column_text css=&#8221;&#8221;]<\/p>\n<p style=\"text-align: center;\">Dr. Mar\u00eda A. Pesta\u00f1a-Rodr\u00edguez<\/p>\n<p style=\"text-align: center;\">Dr. Steven J. V\u00e9lez-Pastrana\u00a0 &#8211; Chief Residents (PG-4)<\/p>\n<p>[\/vc_column_text][vc_empty_space][\/vc_column][\/vc_row][vc_row type=&#8221;vc_default&#8221; gap=&#8221;20&#8243; full_height=&#8221;yes&#8221; columns_placement=&#8221;top&#8221; equal_height=&#8221;yes&#8221; content_placement=&#8221;top&#8221;][vc_column width=&#8221;1\/3&#8243; css=&#8221;.vc_custom_1746448378367{padding-bottom: 20px !important;}&#8221;][vc_column_text css=&#8221;&#8221;]<\/p>\n<h4 style=\"text-align: center;\">RESIDENTS (PG-1)<\/h4>\n<p>[\/vc_column_text][vc_row_inner equal_height=&#8221;yes&#8221; css=&#8221;.vc_custom_1746449512580{background-color: #01925914 !important;border-radius: 30px !important;}&#8221;][vc_column_inner]<div class=\"standard-arrow bullet-top\"><ol>\n<li>Barletta Farias, Roberto C.<\/li>\n<li>Cabrera S\u00e1nchez, Marielisa<\/li>\n<li>Calo L\u00f3pez, Diego R.<\/li>\n<li>Casiano Ramos, Arielys<\/li>\n<li>Gonz\u00e1lez Padilla, Karina M.<\/li>\n<li>Henriquez L\u00f3pez, Sebasti\u00e1n A.<\/li>\n<li>Medina Wezer, Adri\u00e1n J.<\/li>\n<li>Oyola Su\u00e1rez, Andrea<\/li>\n<li>P\u00e9rez Ballester, Mar\u00eda C.<\/li>\n<li>Pinto S\u00e1nchez, Victoria I.<\/li>\n<li>Ram\u00edrez Ramos, Camila A.<\/li>\n<li>Reyes Flores, Josean G.<\/li>\n<li>Rivera Cruz, Gabriela Del Mar<\/li>\n<li>Rivera Emanuelli, Francisco G.<\/li>\n<li>Saenz-Maisonet, Andre<\/li>\n<li>Viera-Rodr\u00edguez, Nichole M.<\/li>\n<li>Pag\u00e1n Jim\u00e9nez, \u00c1ngel S. (<span style=\"color: #ff0000;\">Preliminary<\/span>)<\/li>\n<\/ol>\n<\/div>[\/vc_column_inner][\/vc_row_inner][\/vc_column][vc_column width=&#8221;1\/3&#8243;][vc_column_text css=&#8221;&#8221;]<\/p>\n<h4 style=\"text-align: center;\">RESIDENTS (PG-2)<\/h4>\n<p>[\/vc_column_text][vc_row_inner equal_height=&#8221;yes&#8221; css=&#8221;.vc_custom_1746449557924{padding-bottom: 20px !important;background-color: #01925914 !important;border-radius: 30px !important;}&#8221;][vc_column_inner]<div class=\"standard-arrow bullet-top\"><ol>\n<li>Alicea Reyes, Paola A.<\/li>\n<li>\u00c1lvarez Cardona, Mar\u00eda I.<\/li>\n<li>Aranda-Sainz de la Pe\u00f1a, Andr\u00e9s M.<\/li>\n<li>Chaves Guzm\u00e1n, Eva M.<\/li>\n<li>Col\u00f3n Roura, Alexandra M.<\/li>\n<li>Del Valle Vega, Sarybell J.<\/li>\n<li>Fern\u00e1ndez \u00c1lvarez, Javier A.<\/li>\n<li>Figueroa Solano, Paola A.<\/li>\n<li>L\u00f3pez Ventosa, Jos\u00e9 E.<\/li>\n<li>Mart\u00ednez Rodr\u00edguez, Sherli M.<\/li>\n<li>M\u00e9ndez Nieves, Otoniel<\/li>\n<li>Revilla Orellano, Radam\u00e9s<\/li>\n<li>Reim\u00f3n L\u00f3pez, Kevin J.<\/li>\n<li>Rodr\u00edguez Gonz\u00e1lez, Valeria<\/li>\n<li>Roque Torres, Jos\u00e9 A.<\/li>\n<li>Santos Marrero, Melanie<\/li>\n<li>V\u00e1zquez D\u00edaz, Yadiris<\/li>\n<li>Rovira Torres, Lenis N. (<span style=\"color: #ff0000;\">Off-Cycle<\/span>)<\/li>\n<\/ol>\n<\/div>[\/vc_column_inner][\/vc_row_inner][\/vc_column][vc_column width=&#8221;1\/3&#8243;][vc_column_text css=&#8221;&#8221;]<\/p>\n<h4 style=\"text-align: center;\">RESIDENTS (PG-3)<\/h4>\n<p>[\/vc_column_text][vc_row_inner equal_height=&#8221;yes&#8221; css=&#8221;.vc_custom_1746449571940{padding-bottom: 20px !important;background-color: #01925914 !important;border-radius: 30px !important;}&#8221;][vc_column_inner]<div class=\"standard-arrow bullet-top\"><ol>\n<li>Abou El Hossen Carmona, Jamil<\/li>\n<li>Andino Vega, Josu\u00e9 D.<\/li>\n<li>Burgos Mart\u00ednez, Lidynell<\/li>\n<li>Carmona Casillas, Alejandro<\/li>\n<li>Cotto D\u00e1vila, Jonathan R.<\/li>\n<li>Figueroa Pag\u00e1n, Emily M.<\/li>\n<li>Garc\u00eda P\u00e9rez, Noelia A.<\/li>\n<li>Hern\u00e1ndez Soto, Reinaldo J.<\/li>\n<li>Laguna Santiago, Natalia S.<\/li>\n<li>Mu\u00f1oz Santiago, Ricardo<\/li>\n<li>Ocasio Tapia, Rosayra C.<\/li>\n<li>Rodr\u00edguez Bengochea, Gabriela<\/li>\n<li>Soler Llompart, Cecilia M.<\/li>\n<li>Villanueva Soto, Carlos A.<\/li>\n<\/ol>\n<\/div>[\/vc_column_inner][\/vc_row_inner][\/vc_column][\/vc_row]<\/p>\n<\/div>","protected":false},"excerpt":{"rendered":"<p>[vc_row][vc_column][vc_empty_space][vc_column_text css=&#8221;&#8221;] Dr. Mar\u00eda A. Pesta\u00f1a-Rodr\u00edguez Dr. Steven J. V\u00e9lez-Pastrana\u00a0 &#8211; Chief Residents (PG-4) [\/vc_column_text][vc_empty_space][\/vc_column][\/vc_row][vc_row type=&#8221;vc_default&#8221; gap=&#8221;20&#8243; full_height=&#8221;yes&#8221; columns_placement=&#8221;top&#8221; equal_height=&#8221;yes&#8221; content_placement=&#8221;top&#8221;][vc_column width=&#8221;1\/3&#8243; css=&#8221;.vc_custom_1746448378367{padding-bottom: 20px !important;}&#8221;][vc_column_text css=&#8221;&#8221;] RESIDENTS (PG-1) [\/vc_column_text][vc_row_inner equal_height=&#8221;yes&#8221; css=&#8221;.vc_custom_1746449512580{background-color: #01925914 !important;border-radius: 30px !important;}&#8221;][vc_column_inner][\/vc_column_inner][\/vc_row_inner][\/vc_column][vc_column width=&#8221;1\/3&#8243;][vc_column_text css=&#8221;&#8221;] RESIDENTS (PG-2) [\/vc_column_text][vc_row_inner equal_height=&#8221;yes&#8221; css=&#8221;.vc_custom_1746449557924{padding-bottom: 20px !important;background-color: #01925914 !important;border-radius: 30px !important;}&#8221;][vc_column_inner][\/vc_column_inner][\/vc_row_inner][\/vc_column][vc_column width=&#8221;1\/3&#8243;][vc_column_text css=&#8221;&#8221;] RESIDENTS (PG-3) [\/vc_column_text][vc_row_inner equal_height=&#8221;yes&#8221; css=&#8221;.vc_custom_1746449571940{padding-bottom:&hellip;<\/p>\n","protected":false},"author":1,"featured_media":0,"parent":0,"menu_order":0,"comment_status":"closed","ping_status":"closed","template":"","meta":{"footnotes":""},"class_list":["post-571","page","type-page","status-publish","hentry","description-off"],"aioseo_notices":[],"_links":{"self":[{"href":"https:\/\/md.rcm.upr.edu\/medicine\/wp-json\/wp\/v2\/pages\/571","targetHints":{"allow":["GET"]}}],"collection":[{"href":"https:\/\/md.rcm.upr.edu\/medicine\/wp-json\/wp\/v2\/pages"}],"about":[{"href":"https:\/\/md.rcm.upr.edu\/medicine\/wp-json\/wp\/v2\/types\/page"}],"author":[{"embeddable":true,"href":"https:\/\/md.rcm.upr.edu\/medicine\/wp-json\/wp\/v2\/users\/1"}],"replies":[{"embeddable":true,"href":"https:\/\/md.rcm.upr.edu\/medicine\/wp-json\/wp\/v2\/comments?post=571"}],"version-history":[{"count":3,"href":"https:\/\/md.rcm.upr.edu\/medicine\/wp-json\/wp\/v2\/pages\/571\/revisions"}],"predecessor-version":[{"id":1960,"href":"https:\/\/md.rcm.upr.edu\/medicine\/wp-json\/wp\/v2\/pages\/571\/revisions\/1960"}],"wp:attachment":[{"href":"https:\/\/md.rcm.upr.edu\/medicine\/wp-json\/wp\/v2\/media?parent=571"}],"curies":[{"name":"wp","href":"https:\/\/api.w.org\/{rel}","templated":true}]}}