{"id":2040,"date":"2023-09-01T14:10:51","date_gmt":"2023-09-01T18:10:51","guid":{"rendered":"https:\/\/md.rcm.upr.edu\/micro\/?page_id=2040"},"modified":"2023-09-01T14:10:51","modified_gmt":"2023-09-01T18:10:51","slug":"job-offer-opportunities","status":"publish","type":"page","link":"https:\/\/md.rcm.upr.edu\/micro\/job-offer-opportunities\/","title":{"rendered":"JOB OFFER OPPORTUNITIES"},"content":{"rendered":"<div class=\"wpb-content-wrapper\"><p>[vc_row][vc_column]<div id=\"ultimate-heading-208569d0bb2f93727\" class=\"uvc-heading ult-adjust-bottom-margin ultimate-heading-208569d0bb2f93727 uvc-1303  uvc-heading-default-font-sizes\" data-hspacer=\"no_spacer\"  data-halign=\"center\" style=\"text-align:center\"><div class=\"uvc-heading-spacer no_spacer\" style=\"top\"><\/div><div class=\"uvc-main-heading ult-responsive\"  data-ultimate-target='.uvc-heading.ultimate-heading-208569d0bb2f93727 h2'  data-responsive-json-new='{\"font-size\":\"\",\"line-height\":\"\"}' ><h2 style=\"--font-weight:theme;\">JOB OFFER OPPORTUNITIES<\/h2><\/div><\/div>[vc_empty_space][\/vc_column][\/vc_row][vc_row][vc_column width=&#8221;1\/2&#8243;][vc_single_image image=&#8221;2035&#8243; img_size=&#8221;full&#8221; alignment=&#8221;center&#8221; onclick=&#8221;custom_link&#8221; link=&#8221;https:\/\/md.rcm.upr.edu\/micro\/wp-content\/uploads\/sites\/22\/2023\/08\/JOB-OFFER-BACTERIOLOGY-UPR-SCHOOL-MEDICINE-signed.pdf&#8221;][vc_column_text]The Department of Microbiology of the UPR Medical Sciences School of Medicine is seeking a creative and dynamic scientist for a tenure-track Assistant-level position in the Bacteriology. Emphasis could be either pathogenesis, molecular mechanisms of resistance to antibiotics and gene transfer, bacterial structure\/function and\/or bacterial genetics.<\/p>\n<p>Our department seeks to expand its academic offerings for the service of our students and is known for its vibrant environment supporting multidisciplinary and translational sciences.[\/vc_column_text][vc_btn title=&#8221;English Version&#8221; color=&#8221;black&#8221; align=&#8221;center&#8221; i_icon_fontawesome=&#8221;far fa-file-pdf&#8221; add_icon=&#8221;true&#8221; link=&#8221;url:https%3A%2F%2Fmd.rcm.upr.edu%2Fmicro%2Fwp-content%2Fuploads%2Fsites%2F22%2F2023%2F08%2FJOB-OFFER-BACTERIOLOGY-UPR-SCHOOL-MEDICINE-signed.pdf&#8221;][\/vc_column][vc_column width=&#8221;1\/2&#8243;][vc_single_image image=&#8221;2036&#8243; img_size=&#8221;full&#8221; alignment=&#8221;center&#8221; onclick=&#8221;custom_link&#8221; link=&#8221;https:\/\/md.rcm.upr.edu\/micro\/wp-content\/uploads\/sites\/22\/2023\/08\/Convocatoria-Puesto-Microbiologia-espanol-firmado.pdf&#8221;][vc_column_text]El Departamento de Microbiolog\u00eda de la Facultad de Ciencias M\u00e9dicas de la UPR busca un cient\u00edfico creativo y din\u00e1mico para un puesto permanente de nivel Asistente en Bacteriolog\u00eda. El \u00e9nfasis podr\u00eda ser la patog\u00e9nesis, los mecanismos moleculares de resistencia a los antibi\u00f3ticos y la transferencia de genes, la estructura\/funci\u00f3n bacteriana y\/o la gen\u00e9tica bacteriana.<\/p>\n<p>Nuestro departamento busca ampliar su oferta acad\u00e9mica al servicio de nuestros estudiantes y es conocido por su ambiente vibrante que apoya las ciencias multidisciplinarias y traslacionales.[\/vc_column_text][vc_btn title=&#8221;Spanish Version&#8221; color=&#8221;black&#8221; align=&#8221;center&#8221; i_icon_fontawesome=&#8221;far fa-file-pdf&#8221; add_icon=&#8221;true&#8221; link=&#8221;url:https%3A%2F%2Fmd.rcm.upr.edu%2Fmicro%2Fwp-content%2Fuploads%2Fsites%2F22%2F2023%2F08%2FConvocatoria-Puesto-Microbiologia-espanol-firmado.pdf&#8221;][\/vc_column][\/vc_row]<\/p>\n<\/div>","protected":false},"excerpt":{"rendered":"<p>[vc_row][vc_column][vc_empty_space][\/vc_column][\/vc_row][vc_row][vc_column width=&#8221;1\/2&#8243;][vc_single_image image=&#8221;2035&#8243; img_size=&#8221;full&#8221; alignment=&#8221;center&#8221; onclick=&#8221;custom_link&#8221; link=&#8221;https:\/\/md.rcm.upr.edu\/micro\/wp-content\/uploads\/sites\/22\/2023\/08\/JOB-OFFER-BACTERIOLOGY-UPR-SCHOOL-MEDICINE-signed.pdf&#8221;][vc_column_text]The Department of Microbiology of the UPR Medical Sciences School of Medicine is seeking a creative and dynamic scientist for a tenure-track Assistant-level position in the Bacteriology. Emphasis could be either pathogenesis, molecular mechanisms of resistance to antibiotics and gene transfer, bacterial structure\/function and\/or bacterial genetics. Our department seeks&hellip;<\/p>\n","protected":false},"author":1,"featured_media":0,"parent":0,"menu_order":0,"comment_status":"closed","ping_status":"closed","template":"","meta":{"footnotes":""},"class_list":["post-2040","page","type-page","status-publish","hentry","description-off"],"aioseo_notices":[],"_links":{"self":[{"href":"https:\/\/md.rcm.upr.edu\/micro\/wp-json\/wp\/v2\/pages\/2040","targetHints":{"allow":["GET"]}}],"collection":[{"href":"https:\/\/md.rcm.upr.edu\/micro\/wp-json\/wp\/v2\/pages"}],"about":[{"href":"https:\/\/md.rcm.upr.edu\/micro\/wp-json\/wp\/v2\/types\/page"}],"author":[{"embeddable":true,"href":"https:\/\/md.rcm.upr.edu\/micro\/wp-json\/wp\/v2\/users\/1"}],"replies":[{"embeddable":true,"href":"https:\/\/md.rcm.upr.edu\/micro\/wp-json\/wp\/v2\/comments?post=2040"}],"version-history":[{"count":0,"href":"https:\/\/md.rcm.upr.edu\/micro\/wp-json\/wp\/v2\/pages\/2040\/revisions"}],"wp:attachment":[{"href":"https:\/\/md.rcm.upr.edu\/micro\/wp-json\/wp\/v2\/media?parent=2040"}],"curies":[{"name":"wp","href":"https:\/\/api.w.org\/{rel}","templated":true}]}}