{"id":34,"date":"2014-07-17T17:09:54","date_gmt":"2014-07-17T17:09:54","guid":{"rendered":"http:\/\/md.rcm.upr.edu\/obigyn\/?page_id=34"},"modified":"2022-11-29T14:51:55","modified_gmt":"2022-11-29T18:51:55","slug":"residents-list","status":"publish","type":"page","link":"https:\/\/md.rcm.upr.edu\/obigyn\/residents-list\/","title":{"rendered":"Residents List"},"content":{"rendered":"<div class=\"wpb-content-wrapper\"><p>[vc_row][vc_column][vc_column_text]<strong>OBSTETRICS AND GYNECOLOGY RESIDENTS\u00a0\u00a0\u00a0 2022 &#8211; 2023<\/strong>[\/vc_column_text][vc_column_text]<strong>PG IV<\/strong><\/p>\n<ol>\n<li>Bonilla Alvarado, Anarys<\/li>\n<li>Cruz Ortiz, Yanibeth<\/li>\n<li>Gonz\u00e1lez Carcache, Paulina<\/li>\n<li>Lugo D\u00edaz, Ghiara<\/li>\n<li>Mu\u00f1oz Becerra, Valeria<\/li>\n<\/ol>\n<p><strong>PG III<\/strong><\/p>\n<ol>\n<li>Cruz P\u00e9rez, Hazel M.<\/li>\n<li>\\Del Mazo Arbona, Natalia<\/li>\n<li>Navarrete Cort\u00e9s, Maril\u00eds<\/li>\n<li>Rosario Santos, Ana L.<\/li>\n<li>Salgado Avil\u00e9s, Juan L.<\/li>\n<\/ol>\n<p><strong>PG II<\/strong><\/p>\n<ol>\n<li>Figueroa D\u00e1vila, Minorka<\/li>\n<li>Quintana Agesta, Alexandra M.<\/li>\n<li>Rivera Lynch, Camila<\/li>\n<li>Rosario Vega, Nattalia<\/li>\n<li>Soto Soto, Denisse<\/li>\n<\/ol>\n<p><strong>PG I<\/strong><\/p>\n<ol>\n<li>Alfonso Castro, Alexandra<\/li>\n<li>Curet Burleson, Alexis X.<\/li>\n<li>Hawayek Carrera, Maria Isabel<\/li>\n<li>Herrera Camacho, Roberto L.<\/li>\n<li>Ortiz Fullana, Maria T.<\/li>\n<\/ol>\n<p>[\/vc_column_text][\/vc_column][\/vc_row]<\/p>\n<\/div>","protected":false},"excerpt":{"rendered":"<p>[vc_row][vc_column][vc_column_text]OBSTETRICS AND GYNECOLOGY RESIDENTS\u00a0\u00a0\u00a0 2022 &#8211; 2023[\/vc_column_text][vc_column_text]PG IV Bonilla Alvarado, Anarys Cruz Ortiz, Yanibeth Gonz\u00e1lez Carcache, Paulina Lugo D\u00edaz, Ghiara Mu\u00f1oz Becerra, Valeria PG III Cruz P\u00e9rez, Hazel M. \\Del Mazo Arbona, Natalia Navarrete Cort\u00e9s, Maril\u00eds Rosario Santos, Ana L. Salgado Avil\u00e9s, Juan L. PG II Figueroa D\u00e1vila, Minorka Quintana Agesta, Alexandra M. Rivera Lynch,&hellip;<\/p>\n","protected":false},"author":1,"featured_media":0,"parent":0,"menu_order":0,"comment_status":"closed","ping_status":"closed","template":"","meta":{"footnotes":""},"class_list":["post-34","page","type-page","status-publish","hentry","description-off"],"aioseo_notices":[],"_links":{"self":[{"href":"https:\/\/md.rcm.upr.edu\/obigyn\/wp-json\/wp\/v2\/pages\/34","targetHints":{"allow":["GET"]}}],"collection":[{"href":"https:\/\/md.rcm.upr.edu\/obigyn\/wp-json\/wp\/v2\/pages"}],"about":[{"href":"https:\/\/md.rcm.upr.edu\/obigyn\/wp-json\/wp\/v2\/types\/page"}],"author":[{"embeddable":true,"href":"https:\/\/md.rcm.upr.edu\/obigyn\/wp-json\/wp\/v2\/users\/1"}],"replies":[{"embeddable":true,"href":"https:\/\/md.rcm.upr.edu\/obigyn\/wp-json\/wp\/v2\/comments?post=34"}],"version-history":[{"count":0,"href":"https:\/\/md.rcm.upr.edu\/obigyn\/wp-json\/wp\/v2\/pages\/34\/revisions"}],"wp:attachment":[{"href":"https:\/\/md.rcm.upr.edu\/obigyn\/wp-json\/wp\/v2\/media?parent=34"}],"curies":[{"name":"wp","href":"https:\/\/api.w.org\/{rel}","templated":true}]}}