{"id":128,"date":"2014-09-24T13:19:11","date_gmt":"2014-09-24T13:19:11","guid":{"rendered":"http:\/\/md.rcm.upr.edu\/ophthalmology\/?page_id=128"},"modified":"2023-02-09T09:14:49","modified_gmt":"2023-02-09T13:14:49","slug":"retina","status":"publish","type":"page","link":"https:\/\/md.rcm.upr.edu\/ophthalmology\/retina\/","title":{"rendered":"Retina"},"content":{"rendered":"<div class=\"wpb-content-wrapper\"><p>[vc_row][vc_column][vc_column_text]Luma Al-Attar, MD<\/p>\n<p>Maria H. Berrocal<\/p>\n<p>Jaime Bravo, MD<\/p>\n<p>Vanessa Cruz, MD<\/p>\n<p>Luis Hern\u00e1ndez R\u00edos, MD<\/p>\n<p>Armando Oliver, MD<\/p>\n<p>Ra\u00fal P\u00e9rez, MD<\/p>\n<p>Andr\u00e9s Emanuelli, MD<\/p>\n<p>Victor Villegas, MD<\/p>\n<p>Karla C. Alejandro, MD[\/vc_column_text][\/vc_column][\/vc_row]<\/p>\n<\/div>","protected":false},"excerpt":{"rendered":"<p>[vc_row][vc_column][vc_column_text]Luma Al-Attar, MD Maria H. Berrocal Jaime Bravo, MD Vanessa Cruz, MD Luis Hern\u00e1ndez R\u00edos, MD Armando Oliver, MD Ra\u00fal P\u00e9rez, MD Andr\u00e9s Emanuelli, MD Victor Villegas, MD Karla C. Alejandro, MD[\/vc_column_text][\/vc_column][\/vc_row]<\/p>\n","protected":false},"author":1,"featured_media":0,"parent":0,"menu_order":0,"comment_status":"closed","ping_status":"closed","template":"","meta":{"footnotes":""},"class_list":["post-128","page","type-page","status-publish","hentry","description-off"],"aioseo_notices":[],"_links":{"self":[{"href":"https:\/\/md.rcm.upr.edu\/ophthalmology\/wp-json\/wp\/v2\/pages\/128","targetHints":{"allow":["GET"]}}],"collection":[{"href":"https:\/\/md.rcm.upr.edu\/ophthalmology\/wp-json\/wp\/v2\/pages"}],"about":[{"href":"https:\/\/md.rcm.upr.edu\/ophthalmology\/wp-json\/wp\/v2\/types\/page"}],"author":[{"embeddable":true,"href":"https:\/\/md.rcm.upr.edu\/ophthalmology\/wp-json\/wp\/v2\/users\/1"}],"replies":[{"embeddable":true,"href":"https:\/\/md.rcm.upr.edu\/ophthalmology\/wp-json\/wp\/v2\/comments?post=128"}],"version-history":[{"count":0,"href":"https:\/\/md.rcm.upr.edu\/ophthalmology\/wp-json\/wp\/v2\/pages\/128\/revisions"}],"wp:attachment":[{"href":"https:\/\/md.rcm.upr.edu\/ophthalmology\/wp-json\/wp\/v2\/media?parent=128"}],"curies":[{"name":"wp","href":"https:\/\/api.w.org\/{rel}","templated":true}]}}