{"id":360,"date":"2014-09-03T20:47:12","date_gmt":"2014-09-04T00:47:12","guid":{"rendered":"http:\/\/md.rcm.upr.edu\/orthopedic\/?page_id=360"},"modified":"2019-02-15T20:42:12","modified_gmt":"2019-02-16T00:42:12","slug":"humberto-guzman-perez","status":"publish","type":"page","link":"https:\/\/md.rcm.upr.edu\/orthopedic\/humberto-guzman-perez\/","title":{"rendered":"Dr. Humberto Guzm\u00e1n P\u00e9rez"},"content":{"rendered":"<h2><strong>Humberto Guzm\u00e1n-P\u00e9rez, MD<\/strong><\/h2>\n<p><strong><img loading=\"lazy\" decoding=\"async\" class=\"wp-image-361 alignleft\" src=\"http:\/\/md.rcm.upr.edu\/orthopedic\/wp-content\/uploads\/sites\/10\/2014\/09\/humberto.jpg\" alt=\"humberto\" width=\"123\" height=\"158\" \/><\/strong><em>Assistant Professor<br \/>\nPediatric Orthopaedics Service<br \/>\n<\/em><\/p>\n<p><strong><u>Education and Training:<\/u><\/strong><\/p>\n<p>Fellowship: \u00a0Pediatric Orthopaedic Surgery at Rady Children\u2019s Hospital, San Diego<br \/>\nResidency: \u00a0Orthopaedic Residency at UPR School of Medicine<br \/>\nMedical Education: \u00a0UPR School of Medicine<\/p>\n<p><strong><u>Board Certification:<\/u><\/strong><\/p>\n<p>Board Certified in Orthopaedic Surgery.<\/p>\n<p><strong><u>Awards:<\/u><\/strong><\/p>\n<p>He received the Doctor\u2019s Choice Award 2012, 2013 and 2014, and received Roberto Clemente Award in September 2014 for work as President \u201cHait\u00ed se Pone de Pie\u201d.<\/p>\n<p><strong><u>Request an Appointment:<\/u><\/strong><\/p>\n<ul>\n<li>Puerto Rico Medical Center<br \/>\nR\u00edo Piedras, PR<br \/>\n(787) 777-3535, ext. 2104, 2107<\/li>\n<\/ul>\n","protected":false},"excerpt":{"rendered":"<p>Humberto Guzm\u00e1n-P\u00e9rez, MD Assistant Professor Pediatric Orthopaedics Service Education and Training: Fellowship: \u00a0Pediatric Orthopaedic Surgery at Rady Children\u2019s Hospital, San Diego Residency: \u00a0Orthopaedic Residency at UPR School of Medicine Medical Education: \u00a0UPR School of Medicine Board Certification: Board Certified in Orthopaedic Surgery. Awards: He received the Doctor\u2019s Choice Award 2012, 2013 and 2014, and received&hellip;<\/p>\n","protected":false},"author":1,"featured_media":0,"parent":0,"menu_order":0,"comment_status":"closed","ping_status":"closed","template":"","meta":{"footnotes":""},"class_list":["post-360","page","type-page","status-publish","hentry","description-off"],"_links":{"self":[{"href":"https:\/\/md.rcm.upr.edu\/orthopedic\/wp-json\/wp\/v2\/pages\/360","targetHints":{"allow":["GET"]}}],"collection":[{"href":"https:\/\/md.rcm.upr.edu\/orthopedic\/wp-json\/wp\/v2\/pages"}],"about":[{"href":"https:\/\/md.rcm.upr.edu\/orthopedic\/wp-json\/wp\/v2\/types\/page"}],"author":[{"embeddable":true,"href":"https:\/\/md.rcm.upr.edu\/orthopedic\/wp-json\/wp\/v2\/users\/1"}],"replies":[{"embeddable":true,"href":"https:\/\/md.rcm.upr.edu\/orthopedic\/wp-json\/wp\/v2\/comments?post=360"}],"version-history":[{"count":0,"href":"https:\/\/md.rcm.upr.edu\/orthopedic\/wp-json\/wp\/v2\/pages\/360\/revisions"}],"wp:attachment":[{"href":"https:\/\/md.rcm.upr.edu\/orthopedic\/wp-json\/wp\/v2\/media?parent=360"}],"curies":[{"name":"wp","href":"https:\/\/api.w.org\/{rel}","templated":true}]}}