{"id":84,"date":"2021-08-23T16:42:36","date_gmt":"2021-08-23T16:42:36","guid":{"rendered":"https:\/\/md.rcm.upr.edu\/radiology\/?page_id=84"},"modified":"2021-10-12T14:58:39","modified_gmt":"2021-10-12T14:58:39","slug":"publications","status":"publish","type":"page","link":"https:\/\/md.rcm.upr.edu\/radiology\/publications\/","title":{"rendered":"Publications"},"content":{"rendered":"<div class=\"wpb-content-wrapper\"><p>[vc_row][vc_column][vc_column_text]<\/p>\n<h3 dir=\"ltr\"><strong>Residents are encouraged to participate in academic projects with faculty as well as to develop their own during residency.<\/strong><\/h3>\n<p>[\/vc_column_text][\/vc_column][\/vc_row][vc_row][vc_column]<div class=\"standard-arrow list-divider bullet-top\"><ul>\n<li><a href=\"https:\/\/pubmed.ncbi.nlm.nih.gov\/34145210\/\">A 64-Year-Old Man with Traumatic Right Middle Lobe Lung Herniation Successfully Managed Conservatively<\/a> <em>Am J Case Rep, <\/em>2021<\/li>\n<li><a href=\"https:\/\/pubmed.ncbi.nlm.nih.gov\/33664037\/\">Alveolar rhabdomyosarcoma metastatic to the brain<\/a>\u00a0<em>BMJ Case Reports, <\/em>2021<\/li>\n<li><a href=\"https:\/\/www.ncbi.nlm.nih.gov\/pmc\/articles\/PMC7990124\/\">Delayed Spontaneous Resolution of a Traumatic Middle Meningeal Artery Pseudoaneurysm<\/a> <em>Am J Case Rep<\/em>, 2021<\/li>\n<li><a href=\"https:\/\/pubmed.ncbi.nlm.nih.gov\/34147630\/\">Intra-session test-retest reliability of functional connectivity in infants<\/a> <em>Neuroimage,\u00a0<\/em>2021<\/li>\n<li><a href=\"https:\/\/pubmed.ncbi.nlm.nih.gov\/34253528\/\">Lemierre syndrome leading to an ischaemic stroke and malignant cerebral oedema<\/a> <em>BMJ Case Reports,\u00a0<\/em>2021<\/li>\n<li><a href=\"https:\/\/www.ncbi.nlm.nih.gov\/pmc\/articles\/PMC7959107\/\">Primary Brain Melanoma in a Pediatric Patient: A Case Report<\/a> <em>Am J Case Rep, <\/em>2021<\/li>\n<li><a href=\"https:\/\/www.ncbi.nlm.nih.gov\/pmc\/articles\/PMC7656086\/\">A Rare Case of a Primary Spinal Solitary Fibrous Tumor\/Hemangiopericytoma in a 9-Month-Old Patient<\/a> <em>Am J Case Rep, <\/em>2020<\/li>\n<li><a href=\"https:\/\/pubmed.ncbi.nlm.nih.gov\/31712111\/\">Cerebellar Arteriovenous Malformation with Coexistent Hemangioblastoma<\/a>\u00a0<em>World Neurosurg,<\/em> 2020<\/li>\n<li><a href=\"https:\/\/www.ncbi.nlm.nih.gov\/pmc\/articles\/PMC7588350\/\">Iatrogenic Cerebral Air Embolism During\u00a0 Esophago-Gastroduodenoscopy<\/a> <em>Am J Case Rep,\u00a0<\/em>2020<\/li>\n<li><a href=\"https:\/\/pubmed.ncbi.nlm.nih.gov\/32963879\/\">Life-Threatening Rupture of an Idiopathic Left Hepatic Artery Pseudoaneurysm Successfully Treated with Endovascular Coil Embolization<\/a>\u00a0<em>Case Rep Vasc Med<\/em>, 2020<\/li>\n<li><a href=\"https:\/\/pubmed.ncbi.nlm.nih.gov\/33489125\/\">Management of life-threatening post-traumatic otorrhagia<\/a>\u00a0<em>Clin Case Rep, <\/em>2020<\/li>\n<li><a href=\"https:\/\/pubmed.ncbi.nlm.nih.gov\/31491571\/\">Obstructive Hydrocephalus and Chemical Meningitis Secondary to a Ruptured Spinal Epidermoid Cyst<\/a>\u00a0<em>World Neurosurg<\/em>, 2020<\/li>\n<li><a href=\"https:\/\/pubmed.ncbi.nlm.nih.gov\/33070146\/\">Paratesticular Dermoid Cyst Mimicking a Torsed Supernumerary Testis: A Case Report<\/a> <em>Am J Case Rep, <\/em>2020<\/li>\n<li><a href=\"https:\/\/pubmed.ncbi.nlm.nih.gov\/33240705\/\">Temporal Evolution of Hypertrophic Olivary Degeneration in a Pediatric Patient: A Case Report and Review of Literature<\/a>\u00a0<em>Cureus, <\/em>2020<\/li>\n<li><a href=\"https:\/\/pubmed.ncbi.nlm.nih.gov\/30925320\/\">An extremely aggressive case of Marburg&#8217;s disease treated with high dose cyclophosphamide. A case report<\/a>\u00a0<em>Mult Scler Relat Disord<\/em>, 2019<\/li>\n<li><a href=\"https:\/\/pubmed.ncbi.nlm.nih.gov\/30988275\/\">Radiologic Features with Pathologic Correlation of an Unusual Large Intraosseous Skull Cavernous Hemangioma<\/a> <em>Am J Case<\/em> Rep, 2019<\/li>\n<li><a href=\"https:\/\/pubmed.ncbi.nlm.nih.gov\/31131376\/\">Sonographic Features of the Liver Among Females with Type 2 Diabetes<\/a>\u00a0<em>J Diagn Med Sonogr<\/em>, 2019<\/li>\n<li><a href=\"https:\/\/pubmed.ncbi.nlm.nih.gov\/31011148\/\">Talar Extrusion, A Very Rare Sequela of Trauma: A Case Report<\/a>\u00a0<em>Am J Case<\/em> Rep, 2019<\/li>\n<li><a href=\"https:\/\/pubmed.ncbi.nlm.nih.gov\/30713828\/\">Anatomical criteria to measure the adult right liver lobe by ultrasound<\/a>\u00a0<em>Sonography<\/em>, 2018<\/li>\n<li><a href=\"https:\/\/pubmed.ncbi.nlm.nih.gov\/30301875\/\">Non-Surgical Management of Colo-Colonic Intussusception in Patients with Hereditary Angioedema<\/a> <em>Am J Case<\/em> Rep, 2018<\/li>\n<li>An Unexpected Cause of Deep Vein Thrombosis for the Everyday Physician: May-Turner Syndrome. European Congress of Radiology, 2021. [Ram\u00edrez J, P\u00e9rez A, Ojeda I]<\/li>\n<li><a href=\"https:\/\/apps.arrs.org\/AbstractsAMopen\/Main\/Abstract\/E2014\">Don&#8217;t Skip a Beat: A Pictorial Review of Congenital Heart Disease in Adults<\/a>\u00a0ARRS Meeting, 2021<\/li>\n<li>Status Post Vasectomy: What Sonographic Changes to Expect. European Congress of Radiology, 2021 [Delgado-Mu\u00f1oz P, Santos M, Salda\u00f1a A, Figueroa-D\u00edaz LC, Rodriguez-Mojica W]<\/li>\n<li><a href=\"https:\/\/www.asnr.org\/wp-content\/uploads\/2021\/07\/ASNR21-Proceedings.pdf\">The Draining Maze: A Review of Cerebral Venous Anatomy and Pathology<\/a>\u00a0ASNR Meeting, 2021<\/li>\n<li><a href=\"https:\/\/www.morressier.com\/article\/handle-pressure-pictorial-review-intracranial-hypertension-hypotension-its-causes\/5e5e709600701ceba4a26d53?\">Can You Handle The Pressure? A Pictorial Review Of Intracranial Hypotension and Hypertension and its Causes<\/a>\u00a0Poster: ASNR Meeting 2020<\/li>\n<li><a href=\"https:\/\/epos.myesr.org\/poster\/esr\/ecr2020\/C-07389\">Imaging Approach of Orbital Trauma: A Pictorial Review<\/a> European Congress of Radiology, 2020<\/li>\n<li>Intersection Syndromes: at the Crossroad of Inflammation. RSNA Meeting, 2020 [Salda\u00f1a AN, Ruiz-Mojica AM, Rodr\u00edguez-Cruz EG,\u00a0 Rodr\u00edguez JR, Hern\u00e1ndez R, Vargas-Figueroa AL, G\u00f3mez A, Trullenque E]<\/li>\n<li><a href=\"https:\/\/epos.myesr.org\/poster\/esr\/ecr2020\/C-00382\">Pictorial Review: Sonographic Findings of Scrotal Emergencies<\/a> European Congress of Radiology, 2020<\/li>\n<li><a href=\"https:\/\/epos.myesr.org\/poster\/esr\/ecr2020\/C-01766\/references\">PI-RADS Version 2.1: A Pictorial Review with Radiopathologic Correlation using a 3T MRI<\/a> European Congress of Radiology, 2020<\/li>\n<li>Temporal Bone CT 101: A Primer for Radiology Residents. ASHNR Meeting, 2020. [Rodriguez-Ortiz L, Otero-Soto G, Ruiz-Lopez J, Ruiz-Mojica A, Garc\u00eda-Irizarry L, Labat-Alvarez E]<\/li>\n<li>4D-CT for Parathyroid Evaluation. Poster: RSNA Meeting, 2019 [Ruiz-Mojica AM, Salda\u00f1a AN, Figueroa-D\u00edaz LC, Rodriguez-Ruiz FG, Garcia-Irizarry LE, Labat EJ]<\/li>\n<li><a href=\"https:\/\/epos.myesr.org\/poster\/esr\/ecr2019\/C-3064\">A Diagnosis Difficult to Swallow. Pictorial Review of Anatomy and Common Causes of Dysphagia.<\/a> European Congress of Radiology, 2019<\/li>\n<li><a href=\"https:\/\/epos.myesr.org\/poster\/esr\/ecr2019\/C-3053\">&#8220;Can You Hear Me Now?&#8221;: A Pictorial Review of Temporal Bone Infections and Common Complications<\/a> European Congress of Radiology, 2019<\/li>\n<li>Cardiac Magnetic Resonance Imaging Planes, Clinical Utilities, and Basic Sequences:\u00a0 A Primer for Radiologists. NASCI Meeting, 2019 [Rodriguez-Ortiz L, Saade-Yordan C, Marrero-Gonz\u00e1lez A, Salda\u00f1a-M\u00e9ndez A, Ruiz-Mojica A, Algaze-Beato A, Maldonado-Vargas J]<\/li>\n<li><a href=\"https:\/\/www.senr.org\/congreso2019\/wp-content\/uploads\/2019\/10\/Comunicaciones_SENR_2019.pdf\">Diagnostic Approach to Common Pathologies of the Corpus Callosum<\/a>\u00a0Reuni\u00f3n Anual Sociedad Espa\u00f1ola de Neuroradiolog\u00eda, 2019<\/li>\n<li><a href=\"https:\/\/epos.myesr.org\/poster\/esr\/ecr2019\/C-3422\">Different Paths to a Beating Heart: A Pictorial Review of Coronary CT Angiography of Congenital Coronary Artery Anomalies<\/a> European Congress of Radiology, 2019<\/li>\n<li>Eye Don\u2019t See You: A Pictorial Gallery of Intraconal Orbital Lesions. ARRS Meeting, 2019 [Ortiz-Cruz JR, Figueroa-Diaz LC, Saldana A, Labat EJ, Garcia-Irizarry LE]<\/li>\n<li>Falling on an Outstretched Hand:\u00a0 Anatomy Review and Common Pathology of Acute Wrist Trauma. European Congress of Radiology, 2019. [Rodriguez-Ruiz FG, Salda\u00f1a A, Trullenque E, Montes-Chinea LM]<\/li>\n<li>Lisfranc Injury: A Pain in the Foot Easy to Miss. Educational poster: European Congress of Radiology, 2019. [Rodriguez-Ruiz FG, Salda\u00f1a A, Figueroa-Diaz L, Betancourt-Torres M, Ortiz-Cruz JR, Vidal J]<\/li>\n<li><a href=\"https:\/\/www.atsjournals.org\/doi\/10.1164\/ajrccm-conference.2019.199.1_MeetingAbstracts.A3627\">Not So Asymptomatic: A Large Pulmonary Arteriovenous Malformation<\/a>\u00a0ATS Conference, 2019.<\/li>\n<li><a href=\"https:\/\/epos.myesr.org\/poster\/esr\/ecr2019\/C-3250\">Ureteral trauma: MDCT findings, common misses and misinterpretations, and implications on patient management.<\/a> European Congress of Radiology, 2019<\/li>\n<li>Vascular Injuries by Gun Shot Wounds: Pearls and Pitfalls. RSNA Meeting, 2019 [Otero-Soto G, Rodriguez-Cruz E, Bimbela-Nieves L, Marrero-Gonzalez A,\u00a0Garcia-Irizarry L]<\/li>\n<\/ul>\n<\/div>[\/vc_column][\/vc_row]<\/p>\n<\/div>","protected":false},"excerpt":{"rendered":"<p>[vc_row][vc_column][vc_column_text] Residents are encouraged to participate in academic projects with faculty as well as to develop their own during residency. [\/vc_column_text][\/vc_column][\/vc_row][vc_row][vc_column][\/vc_column][\/vc_row]<\/p>\n","protected":false},"author":1,"featured_media":0,"parent":0,"menu_order":0,"comment_status":"closed","ping_status":"closed","template":"","meta":{"footnotes":""},"class_list":["post-84","page","type-page","status-publish","hentry","description-off"],"aioseo_notices":[],"_links":{"self":[{"href":"https:\/\/md.rcm.upr.edu\/radiology\/wp-json\/wp\/v2\/pages\/84","targetHints":{"allow":["GET"]}}],"collection":[{"href":"https:\/\/md.rcm.upr.edu\/radiology\/wp-json\/wp\/v2\/pages"}],"about":[{"href":"https:\/\/md.rcm.upr.edu\/radiology\/wp-json\/wp\/v2\/types\/page"}],"author":[{"embeddable":true,"href":"https:\/\/md.rcm.upr.edu\/radiology\/wp-json\/wp\/v2\/users\/1"}],"replies":[{"embeddable":true,"href":"https:\/\/md.rcm.upr.edu\/radiology\/wp-json\/wp\/v2\/comments?post=84"}],"version-history":[{"count":0,"href":"https:\/\/md.rcm.upr.edu\/radiology\/wp-json\/wp\/v2\/pages\/84\/revisions"}],"wp:attachment":[{"href":"https:\/\/md.rcm.upr.edu\/radiology\/wp-json\/wp\/v2\/media?parent=84"}],"curies":[{"name":"wp","href":"https:\/\/api.w.org\/{rel}","templated":true}]}}