{"id":45,"date":"2014-10-17T23:34:14","date_gmt":"2014-10-17T23:34:14","guid":{"rendered":"http:\/\/md.rcm.upr.edu\/smg\/?page_id=45"},"modified":"2014-10-17T23:49:10","modified_gmt":"2014-10-17T23:49:10","slug":"historia","status":"publish","type":"page","link":"https:\/\/md.rcm.upr.edu\/smg\/historia\/","title":{"rendered":"Historia"},"content":{"rendered":"<p style=\"text-align: justify;\">El 21 de septiembre de 1959 se radic\u00f3 y qued\u00f3 archivado en el Departamento de Estado del Gobierno de Puerto Rico el certificado de Incorporaci\u00f3n de la \u201cSociedad de M\u00e9dicos Graduados de la Escuela de Medicina de la Universidad de Puerto Rico, Inc.\u201d.\u00a0Sometieron los documentos de incorporaci\u00f3n los miembros de su primera directiva, Dr. Marino Blasini, presidente, Dr. Luis A. Tur, vicepresidente y Dra. Nydia De Jes\u00fas*, secretaria, luego de una reuni\u00f3n celebrada el d\u00eda <a title=\"Primera Reuni\u00f3n SMG \u2013 1959\" href=\"http:\/\/md.rcm.upr.edu\/smg\/primera-reunion-smg-1959\/\"><span style=\"text-decoration: underline;\">primero de mayo de 1959<\/span><\/a> en el anfiteatro del Hospital Municipal de San Juan.<\/p>\n<p style=\"text-align: justify;\">Su Misi\u00f3n incluye servir al avance de la ciencia m\u00e9dica en Puerto Rico*, fomentar y fortalecer los lazos de amistad entre sus socios y cooperar con la Escuela de Medicina para el mejor cumplimiento de sus fines y programas.<\/p>\n<p style=\"text-align: justify;\">Desde su incorporaci\u00f3n, los directores y \u00a0miembros de la Sociedad han trabajado incansablemente para lograr esta misi\u00f3n.\u00a0 Se han \u00a0celebrado\u00a0 convenciones cient\u00edficas anuales ininterrumpidamente, desde 1960.\u00a0 Tambi\u00e9n se han establecido programas de ayuda a estudiantes de medicina, actividades filantr\u00f3picas, incluyendo fiestas de navidad en los hospitales y hogares de ni\u00f1os, actividades culturales y el programa de ayuda al m\u00e9dico incapacitado, cuya principal beneficiaria fue la Dra. Alma Jim\u00e9nez Coll.\u00a0 Con este fondo, se hizo una aportaci\u00f3n a Don Jaime Ben\u00edtez para su cuidado m\u00e9dico al final de sus d\u00edas.<\/p>\n<p style=\"text-align: justify;\">En su mensaje a la membrec\u00eda en la d\u00e9cima convenci\u00f3n celebrada en 1970, el decano Dr. Sifontes expres\u00f3 que nuestros egresados ayudan a su escuela en la forma m\u00e1s importante, mediante sus actuaciones como m\u00e9dicos poniendo en alto el nombre de su escuela donde se desempe\u00f1an.\u00a0\u00a0 Tambi\u00e9n agradeci\u00f3 la labor de los profesores ad honorem que prestan ense\u00f1anza a estudiantes, residentes e internos.\u00a0 Y, por supuesto\u00a0 la caja chica que \u00a0la Sociedad prove\u00eda a la Oficina del Decano, mediante un peque\u00f1o fondo anual rotativo que ofrec\u00eda flexibilidad en situaciones imprevistas.<\/p>\n<p style=\"text-align: justify;\">Todas estas actividades han sido posibles gracias al apoyo continuo de la Sociedad de Esposas, que tomaron la iniciativa de organizar las actividades de recaudaci\u00f3n de fondos y las filantr\u00f3picas, en adicion a manejar y preparar los correos y las actividades sociales.<\/p>\n<p style=\"text-align: justify;\">Nuestro logo presenta el sol, la serpiente y el cem\u00ed*: el sol como fuente de energ\u00eda human\u00edstica que irradia al m\u00e9dico representado por la serpiente protectora de la salud familiar.\u00a0 Rodean al cem\u00ed que simboliza la isla de Puerto Rico.<\/p>\n<p style=\"text-align: justify;\"><a href=\"http:\/\/md.rcm.upr.edu\/smg\/wp-content\/uploads\/sites\/32\/2014\/10\/logosmg_hist.pdf\">Logo &#8211; Historia<\/a><\/p>\n<p style=\"text-align: justify;\">\n<div id=\"attachment_53\" style=\"width: 490px\" class=\"wp-caption aligncenter\"><a href=\"http:\/\/md.rcm.upr.edu\/smg\/wp-content\/uploads\/sites\/32\/2014\/10\/image007.jpg\"><img loading=\"lazy\" decoding=\"async\" aria-describedby=\"caption-attachment-53\" class=\"wp-image-53 size-full\" src=\"http:\/\/md.rcm.upr.edu\/smg\/wp-content\/uploads\/sites\/32\/2014\/10\/image007.jpg\" alt=\"image007\" width=\"480\" height=\"319\" srcset=\"https:\/\/md.rcm.upr.edu\/smg\/wp-content\/uploads\/sites\/32\/2014\/10\/image007.jpg 480w, https:\/\/md.rcm.upr.edu\/smg\/wp-content\/uploads\/sites\/32\/2014\/10\/image007-300x199.jpg 300w, https:\/\/md.rcm.upr.edu\/smg\/wp-content\/uploads\/sites\/32\/2014\/10\/image007-100x66.jpg 100w, https:\/\/md.rcm.upr.edu\/smg\/wp-content\/uploads\/sites\/32\/2014\/10\/image007-330x220.jpg 330w, https:\/\/md.rcm.upr.edu\/smg\/wp-content\/uploads\/sites\/32\/2014\/10\/image007-450x300.jpg 450w\" sizes=\"auto, (max-width: 480px) 100vw, 480px\" \/><\/a><p id=\"caption-attachment-53\" class=\"wp-caption-text\">Dr. Walter Frontera, Decano, Dr. Jos\u00e9 Carlo, Rector y las Pasadas Presidenta Dra. Carmen Gonz\u00e1lez Keelan y Dra. Myrna Qui\u00f1ones. Septiembre 2007<\/p><\/div>\n<p style=\"text-align: justify;\">En estos cincuenta y tres a\u00f1os, hemos tenido 51 presidentes*, ya que la Dra. Myrna Qui\u00f1ones\u201980 en adici\u00f3n a asumir el cargo con 6 meses de adelanto, revalid\u00f3 dos a\u00f1os consecutivos (2004-06) y Dr. Heriberto Pag\u00e1n\u201959, que es miembro fundador\u00a0 en 1965 y 1999, para la celebraci\u00f3n de nuestro cincuentenario.\u00a0 Si bien en\u00a0 los primeros 41 a\u00f1os solo la Dra. Elizabeth Noriega fue la \u00fanica mujer presidenta, en el siglo 21 hemos tenido 6 presidentas y 5 presidentes.<\/p>\n<p style=\"text-align: justify;\">Las primeras 5 clases han demostrado su liderato, aportando 19 presidentes.\u00a0 Las clases de la d\u00e9cada del\u00a0 1960 han aportado 18, la del 1970, 5, la del 1980, 4, la del 1990, 3 y la clase de 2001 ya ha aportado dos: Dr. Humberto Guiot y Dr. Ignacio Pita que recibi\u00f3 la primera medalla<\/p>\n<p style=\"text-align: justify;\">Hemos tenido el privilegio de contar como pasados presidentes \u00a0a m\u00e9dicos que luego han demostrado su liderato en la escuela y la sociedad m\u00e9dica: los secretarios del Departamento de Salud, Dr. Luis Izquierdo Mora, Dr. Jaime Rivera Due\u00f1o y Dr. Enrique V\u00e1zquez Quintana, que tambi\u00e9n fue director del Departamento de cirug\u00eda de la Escuela de Medicina.\u00a0 El rector del recinto de Ciencias Medicas, Dr. Manuel Marina presidi\u00f3 nuestra sociedad en 1970.\u00a0 Dr. Adalberto Mendoza y Dr. V\u00e1zquez Quintana tambi\u00e9n presidieron el Colegio de M\u00e9dicos.\u00a0 Al\u00a0 Dr. Rafael\u00a0 Berrios, que fue jefe de Fisiatr\u00eda, le llamaban el presidente de presidentes pues tambi\u00e9n presidi\u00f3 la Asociaci\u00f3n M\u00e9dica de Puerto Rico.\u00a0 Otros jefes de departamento que han presidido nuestra sociedad son Dr. Heriberto Pag\u00e1n, jefe de radiologia, Dr. Fern\u00e1ndez Feliberti, jefe de ortopedia, Dr. Marino Blasini, que fue jefe de cirug\u00eda en el Hospital Municipal, Dr. Jos\u00e9 E L\u00f3pez, jefe de Medicina Interna en Hospital Municipal.\u00a0\u00a0 En conclusi\u00f3n, han sido muchos a\u00f1os, con sus respectivos presidentes, que tienen en com\u00fan el agradecimiento que sienten por su alma mater y que al completar su t\u00e9rmino presidencial coinciden en que han disfrutado mucho al compartir con tanta gente generosa.\u00a0 Las fotos de las convenciones hablan por s\u00ed solas.<\/p>\n<p style=\"text-align: justify;\"><a href=\"http:\/\/md.rcm.upr.edu\/smg\/wp-content\/uploads\/sites\/32\/2014\/10\/directiva_1964.jpg\"><img loading=\"lazy\" decoding=\"async\" width=\"480\" height=\"461\" class=\"aligncenter size-full wp-image-51\" src=\"http:\/\/md.rcm.upr.edu\/smg\/wp-content\/uploads\/sites\/32\/2014\/10\/directiva_1964.jpg\" alt=\"directiva_1964\" srcset=\"https:\/\/md.rcm.upr.edu\/smg\/wp-content\/uploads\/sites\/32\/2014\/10\/directiva_1964.jpg 480w, https:\/\/md.rcm.upr.edu\/smg\/wp-content\/uploads\/sites\/32\/2014\/10\/directiva_1964-300x288.jpg 300w, https:\/\/md.rcm.upr.edu\/smg\/wp-content\/uploads\/sites\/32\/2014\/10\/directiva_1964-100x96.jpg 100w\" sizes=\"auto, (max-width: 480px) 100vw, 480px\" \/><\/a><\/p>\n<div id=\"attachment_54\" style=\"width: 490px\" class=\"wp-caption aligncenter\"><a href=\"http:\/\/md.rcm.upr.edu\/smg\/wp-content\/uploads\/sites\/32\/2014\/10\/image011.jpg\"><img loading=\"lazy\" decoding=\"async\" aria-describedby=\"caption-attachment-54\" class=\"wp-image-54 size-full\" src=\"http:\/\/md.rcm.upr.edu\/smg\/wp-content\/uploads\/sites\/32\/2014\/10\/image011.jpg\" alt=\"image011\" width=\"480\" height=\"319\" srcset=\"https:\/\/md.rcm.upr.edu\/smg\/wp-content\/uploads\/sites\/32\/2014\/10\/image011.jpg 480w, https:\/\/md.rcm.upr.edu\/smg\/wp-content\/uploads\/sites\/32\/2014\/10\/image011-300x199.jpg 300w, https:\/\/md.rcm.upr.edu\/smg\/wp-content\/uploads\/sites\/32\/2014\/10\/image011-100x66.jpg 100w, https:\/\/md.rcm.upr.edu\/smg\/wp-content\/uploads\/sites\/32\/2014\/10\/image011-330x220.jpg 330w, https:\/\/md.rcm.upr.edu\/smg\/wp-content\/uploads\/sites\/32\/2014\/10\/image011-450x300.jpg 450w\" sizes=\"auto, (max-width: 480px) 100vw, 480px\" \/><\/a><p id=\"caption-attachment-54\" class=\"wp-caption-text\">Dra Vilma Mc Carthy tomando juramento a su Junta Directiva 2007-2008: Carmen Gonzalez Keelan, Pasada Presidenta, Lillian Borrego Conde, Presidenta Electa, Humberto Guiot Tesorero, Karen Martinez, Secretaria, Sheila Garcia, MS IV, representante estudiantil, Luis Cotto Ibarra, vocal, Angel Cestero, vocal, Rosario Gonzalez sub secretaria.<\/p><\/div>\n<div id=\"attachment_55\" style=\"width: 490px\" class=\"wp-caption aligncenter\"><a href=\"http:\/\/md.rcm.upr.edu\/smg\/wp-content\/uploads\/sites\/32\/2014\/10\/image013.jpg\"><img loading=\"lazy\" decoding=\"async\" aria-describedby=\"caption-attachment-55\" class=\"wp-image-55 size-full\" src=\"http:\/\/md.rcm.upr.edu\/smg\/wp-content\/uploads\/sites\/32\/2014\/10\/image013.jpg\" alt=\"image013\" width=\"480\" height=\"347\" srcset=\"https:\/\/md.rcm.upr.edu\/smg\/wp-content\/uploads\/sites\/32\/2014\/10\/image013.jpg 480w, https:\/\/md.rcm.upr.edu\/smg\/wp-content\/uploads\/sites\/32\/2014\/10\/image013-300x216.jpg 300w, https:\/\/md.rcm.upr.edu\/smg\/wp-content\/uploads\/sites\/32\/2014\/10\/image013-100x72.jpg 100w, https:\/\/md.rcm.upr.edu\/smg\/wp-content\/uploads\/sites\/32\/2014\/10\/image013-73x52.jpg 73w\" sizes=\"auto, (max-width: 480px) 100vw, 480px\" \/><\/a><p id=\"caption-attachment-55\" class=\"wp-caption-text\">Convenci\u00f3n 2007 dedicada a Dr. Gonz\u00e1lez Alcover, reumat\u00f3logo y profesor de Medicina Interna.<\/p><\/div>\n<div id=\"attachment_62\" style=\"width: 490px\" class=\"wp-caption aligncenter\"><a href=\"http:\/\/md.rcm.upr.edu\/smg\/wp-content\/uploads\/sites\/32\/2014\/10\/image0151.jpg\"><img loading=\"lazy\" decoding=\"async\" aria-describedby=\"caption-attachment-62\" class=\"wp-image-62 size-full\" src=\"http:\/\/md.rcm.upr.edu\/smg\/wp-content\/uploads\/sites\/32\/2014\/10\/image0151.jpg\" alt=\"image015\" width=\"480\" height=\"319\" srcset=\"https:\/\/md.rcm.upr.edu\/smg\/wp-content\/uploads\/sites\/32\/2014\/10\/image0151.jpg 480w, https:\/\/md.rcm.upr.edu\/smg\/wp-content\/uploads\/sites\/32\/2014\/10\/image0151-300x199.jpg 300w, https:\/\/md.rcm.upr.edu\/smg\/wp-content\/uploads\/sites\/32\/2014\/10\/image0151-100x66.jpg 100w, https:\/\/md.rcm.upr.edu\/smg\/wp-content\/uploads\/sites\/32\/2014\/10\/image0151-330x220.jpg 330w, https:\/\/md.rcm.upr.edu\/smg\/wp-content\/uploads\/sites\/32\/2014\/10\/image0151-450x300.jpg 450w\" sizes=\"auto, (max-width: 480px) 100vw, 480px\" \/><\/a><p id=\"caption-attachment-62\" class=\"wp-caption-text\">Convenci\u00f3n 2007 dedicada a Dr. Gonz\u00e1lez Alcover y a Dr. Angel A Rom\u00e1n Franco. En la foto, Dr. Francisco Mu\u00f1iz, pasado Decano, Dr. Rafael Gonzalez Alcover, Dr. Angel Roman Franco, pasado Decano, su esposa Diana Valdejulli e hija.<\/p><\/div>\n<div id=\"attachment_57\" style=\"width: 490px\" class=\"wp-caption aligncenter\"><a href=\"http:\/\/md.rcm.upr.edu\/smg\/wp-content\/uploads\/sites\/32\/2014\/10\/image017.jpg\"><img loading=\"lazy\" decoding=\"async\" aria-describedby=\"caption-attachment-57\" class=\"wp-image-57 size-full\" src=\"http:\/\/md.rcm.upr.edu\/smg\/wp-content\/uploads\/sites\/32\/2014\/10\/image017.jpg\" alt=\"image017\" width=\"480\" height=\"771\" srcset=\"https:\/\/md.rcm.upr.edu\/smg\/wp-content\/uploads\/sites\/32\/2014\/10\/image017.jpg 480w, https:\/\/md.rcm.upr.edu\/smg\/wp-content\/uploads\/sites\/32\/2014\/10\/image017-186x300.jpg 186w, https:\/\/md.rcm.upr.edu\/smg\/wp-content\/uploads\/sites\/32\/2014\/10\/image017-62x100.jpg 62w\" sizes=\"auto, (max-width: 480px) 100vw, 480px\" \/><\/a><p id=\"caption-attachment-57\" class=\"wp-caption-text\">Dra. Vilma Mc Carthy, MD 1995, Presidenta 2007<\/p><\/div>\n","protected":false},"excerpt":{"rendered":"<p>El 21 de septiembre de 1959 se radic\u00f3 y qued\u00f3 archivado en el Departamento de Estado del Gobierno de Puerto Rico el certificado de Incorporaci\u00f3n de la \u201cSociedad de M\u00e9dicos Graduados de la Escuela de Medicina de la Universidad de Puerto Rico, Inc.\u201d.\u00a0Sometieron los documentos de incorporaci\u00f3n los miembros de su primera directiva, Dr. Marino&hellip;<\/p>\n","protected":false},"author":1,"featured_media":0,"parent":0,"menu_order":0,"comment_status":"closed","ping_status":"closed","template":"","meta":{"footnotes":""},"class_list":["post-45","page","type-page","status-publish","hentry","description-off"],"aioseo_notices":[],"_links":{"self":[{"href":"https:\/\/md.rcm.upr.edu\/smg\/wp-json\/wp\/v2\/pages\/45","targetHints":{"allow":["GET"]}}],"collection":[{"href":"https:\/\/md.rcm.upr.edu\/smg\/wp-json\/wp\/v2\/pages"}],"about":[{"href":"https:\/\/md.rcm.upr.edu\/smg\/wp-json\/wp\/v2\/types\/page"}],"author":[{"embeddable":true,"href":"https:\/\/md.rcm.upr.edu\/smg\/wp-json\/wp\/v2\/users\/1"}],"replies":[{"embeddable":true,"href":"https:\/\/md.rcm.upr.edu\/smg\/wp-json\/wp\/v2\/comments?post=45"}],"version-history":[{"count":0,"href":"https:\/\/md.rcm.upr.edu\/smg\/wp-json\/wp\/v2\/pages\/45\/revisions"}],"wp:attachment":[{"href":"https:\/\/md.rcm.upr.edu\/smg\/wp-json\/wp\/v2\/media?parent=45"}],"curies":[{"name":"wp","href":"https:\/\/api.w.org\/{rel}","templated":true}]}}